Last updated on 2025-11-06 11:49:39 CET.
| Flavor | Version | Tinstall | Tcheck | Ttotal | Status | Flags |
|---|---|---|---|---|---|---|
| r-devel-linux-x86_64-debian-clang | 0.1.0 | 1.63 | 21.70 | 23.33 | OK | |
| r-devel-linux-x86_64-debian-gcc | 0.1.0 | 1.39 | 18.67 | 20.06 | OK | |
| r-devel-linux-x86_64-fedora-clang | 0.1.0 | 32.29 | OK | |||
| r-devel-linux-x86_64-fedora-gcc | 0.1.0 | 32.43 | OK | |||
| r-devel-windows-x86_64 | 0.1.0 | 2.00 | 45.00 | 47.00 | OK | |
| r-patched-linux-x86_64 | 0.1.0 | 1.69 | 20.52 | 22.21 | OK | |
| r-release-linux-x86_64 | 0.1.0 | 1.68 | 20.47 | 22.15 | OK | |
| r-release-macos-arm64 | 0.1.0 | 1.00 | 22.00 | 23.00 | OK | |
| r-release-macos-x86_64 | 0.1.0 | 2.00 | 25.00 | 27.00 | OK | |
| r-release-windows-x86_64 | 0.1.0 | 3.00 | 45.00 | 48.00 | OK | |
| r-oldrel-macos-arm64 | 0.1.0 | 1.00 | 16.00 | 17.00 | NOTE | |
| r-oldrel-macos-x86_64 | 0.1.0 | 1.00 | 22.00 | 23.00 | NOTE | |
| r-oldrel-windows-x86_64 | 0.1.0 | 3.00 | 48.00 | 51.00 | NOTE |
Version: 0.1.0
Check: LazyData
Result: NOTE
'LazyData' is specified without a 'data' directory
Flavors: r-oldrel-macos-arm64, r-oldrel-macos-x86_64, r-oldrel-windows-x86_64