Last updated on 2025-05-10 20:49:37 CEST.
Flavor | Version | Tinstall | Tcheck | Ttotal | Status | Flags |
---|---|---|---|---|---|---|
r-devel-linux-x86_64-debian-clang | 0.4.4 | 23.24 | 28.96 | 52.20 | OK | |
r-devel-linux-x86_64-debian-gcc | 0.4.4 | 22.20 | 25.01 | 47.21 | OK | |
r-devel-linux-x86_64-fedora-clang | 0.4.4 | 80.80 | OK | |||
r-devel-linux-x86_64-fedora-gcc | 0.4.4 | 101.53 | OK | |||
r-devel-windows-x86_64 | 0.4.4 | 36.00 | 57.00 | 93.00 | OK | |
r-patched-linux-x86_64 | 0.4.4 | 29.88 | 28.74 | 58.62 | OK | |
r-release-linux-x86_64 | 0.4.4 | 29.25 | 29.12 | 58.37 | OK | |
r-release-macos-arm64 | 0.4.4 | 36.00 | OK | |||
r-release-macos-x86_64 | 0.4.4 | 55.00 | OK | |||
r-release-windows-x86_64 | 0.4.4 | 36.00 | 55.00 | 91.00 | OK | |
r-oldrel-macos-arm64 | 0.4.4 | 28.00 | NOTE | |||
r-oldrel-macos-x86_64 | 0.4.4 | 44.00 | NOTE | |||
r-oldrel-windows-x86_64 | 0.4.4 | 41.00 | 63.00 | 104.00 | NOTE |
Version: 0.4.4
Check: installed package size
Result: NOTE
installed size is 13.5Mb
sub-directories of 1Mb or more:
libs 13.0Mb
Flavors: r-oldrel-macos-arm64, r-oldrel-macos-x86_64
Version: 0.4.4
Check: LazyData
Result: NOTE
'LazyData' is specified without a 'data' directory
Flavors: r-oldrel-macos-arm64, r-oldrel-macos-x86_64, r-oldrel-windows-x86_64