Last updated on 2024-05-19 12:53:42 CEST.
Flavor | Version | Tinstall | Tcheck | Ttotal | Status | Flags |
---|---|---|---|---|---|---|
r-devel-linux-x86_64-debian-clang | 1.2.0 | 7.31 | 54.80 | 62.11 | NOTE | |
r-devel-linux-x86_64-debian-gcc | 1.2.0 | 4.20 | 41.37 | 45.57 | NOTE | |
r-devel-linux-x86_64-fedora-clang | 1.2.0 | 84.17 | NOTE | |||
r-devel-linux-x86_64-fedora-gcc | 1.2.0 | 107.40 | NOTE | |||
r-devel-windows-x86_64 | 1.2.0 | 6.00 | 59.00 | 65.00 | NOTE | |
r-patched-linux-x86_64 | 1.2.0 | 8.77 | 53.17 | 61.94 | NOTE | |
r-release-linux-x86_64 | 1.2.0 | 4.09 | 54.94 | 59.03 | NOTE | |
r-release-macos-arm64 | 1.2.0 | 26.00 | NOTE | |||
r-release-windows-x86_64 | 1.2.0 | 7.00 | 61.00 | 68.00 | NOTE | |
r-oldrel-macos-arm64 | 1.2.0 | 26.00 | NOTE | |||
r-oldrel-macos-x86_64 | 1.2.0 | 42.00 | NOTE | |||
r-oldrel-windows-x86_64 | 1.2.0 | 9.00 | 71.00 | 80.00 | NOTE |
Version: 1.2.0
Check: LazyData
Result: NOTE
'LazyData' is specified without a 'data' directory
Flavors: r-devel-linux-x86_64-debian-clang, r-devel-linux-x86_64-debian-gcc, r-devel-linux-x86_64-fedora-clang, r-devel-linux-x86_64-fedora-gcc, r-devel-windows-x86_64, r-patched-linux-x86_64, r-release-linux-x86_64, r-release-macos-arm64, r-release-windows-x86_64, r-oldrel-macos-arm64, r-oldrel-macos-x86_64, r-oldrel-windows-x86_64