Last updated on 2024-05-19 12:53:42 CEST.
Flavor | Version | Tinstall | Tcheck | Ttotal | Status | Flags |
---|---|---|---|---|---|---|
r-devel-linux-x86_64-debian-clang | 0.1.0 | 12.73 | 163.85 | 176.58 | OK | |
r-devel-linux-x86_64-debian-gcc | 0.1.0 | 10.50 | 119.44 | 129.94 | OK | |
r-devel-linux-x86_64-fedora-clang | 0.1.0 | 227.28 | NOTE | |||
r-devel-linux-x86_64-fedora-gcc | 0.1.0 | 274.14 | OK | |||
r-devel-windows-x86_64 | 0.1.0 | 13.00 | 129.00 | 142.00 | NOTE | |
r-patched-linux-x86_64 | 0.1.0 | 11.79 | 152.06 | 163.85 | OK | |
r-release-linux-x86_64 | 0.1.0 | 14.20 | 155.10 | 169.30 | OK | |
r-release-macos-arm64 | 0.1.0 | 64.00 | NOTE | |||
r-release-windows-x86_64 | 0.1.0 | 14.00 | 129.00 | 143.00 | NOTE | |
r-oldrel-macos-arm64 | 0.1.0 | 56.00 | NOTE | |||
r-oldrel-macos-x86_64 | 0.1.0 | 143.00 | NOTE | |||
r-oldrel-windows-x86_64 | 0.1.0 | 16.00 | 167.00 | 183.00 | NOTE |
Version: 0.1.0
Check: installed package size
Result: NOTE
installed size is 7.2Mb
sub-directories of 1Mb or more:
doc 6.7Mb
Flavors: r-devel-linux-x86_64-fedora-clang, r-devel-windows-x86_64, r-release-macos-arm64, r-release-windows-x86_64, r-oldrel-macos-arm64, r-oldrel-macos-x86_64, r-oldrel-windows-x86_64