Last updated on 2025-07-15 16:48:22 CEST.
Flavor | Version | Tinstall | Tcheck | Ttotal | Status | Flags |
---|---|---|---|---|---|---|
r-devel-linux-x86_64-debian-clang | 0.2.1 | 6.82 | 443.18 | 450.00 | NOTE | |
r-devel-linux-x86_64-debian-gcc | 0.2.1 | 3.25 | 300.04 | 303.29 | NOTE | |
r-devel-linux-x86_64-fedora-clang | 0.2.1 | 649.00 | OK | |||
r-devel-linux-x86_64-fedora-gcc | 0.2.1 | 639.73 | OK | |||
r-devel-windows-x86_64 | 0.2.1 | 7.00 | 410.00 | 417.00 | NOTE | |
r-patched-linux-x86_64 | 0.2.1 | 7.65 | 390.45 | 398.10 | NOTE | |
r-release-linux-x86_64 | 0.2.1 | 5.65 | 390.37 | 396.02 | NOTE | |
r-release-macos-arm64 | 0.2.1 | 197.00 | OK | |||
r-release-macos-x86_64 | 0.2.1 | 381.00 | OK | |||
r-release-windows-x86_64 | 0.2.1 | 7.00 | 432.00 | 439.00 | NOTE | |
r-oldrel-macos-arm64 | 0.2.1 | 221.00 | OK | |||
r-oldrel-macos-x86_64 | 0.2.1 | 272.00 | OK | |||
r-oldrel-windows-x86_64 | 0.2.1 | 10.00 | 539.00 | 549.00 | OK |
Version: 0.2.1
Check: Rd cross-references
Result: NOTE
Found the following Rd file(s) with Rd \link{} targets missing package
anchors:
curve_cont.Rd: riskRegression
plot_surv_3Dsurface.Rd: riskRegression
plot_surv_animated.Rd: riskRegression, facet_wrap
plot_surv_area.Rd: riskRegression, facet_wrap
plot_surv_at_t.Rd: riskRegression, facet_wrap
plot_surv_contour.Rd: riskRegression, ggplot2, facet_wrap
plot_surv_heatmap.Rd: riskRegression, facet_wrap
plot_surv_lines.Rd: riskRegression, facet_wrap
plot_surv_matrix.Rd: riskRegression, facet_wrap
plot_surv_quantiles.Rd: riskRegression, facet_wrap
plot_surv_rmst.Rd: riskRegression, facet_wrap
plot_surv_rmtl.Rd: riskRegression, facet_wrap
Please provide package anchors for all Rd \link{} targets not in the
package itself and the base packages.
Flavors: r-devel-linux-x86_64-debian-clang, r-devel-linux-x86_64-debian-gcc, r-devel-windows-x86_64, r-patched-linux-x86_64, r-release-linux-x86_64, r-release-windows-x86_64