CRAN Package Check Results for Package contFracR

Last updated on 2025-07-28 16:49:55 CEST.

Flavor Version Tinstall Tcheck Ttotal Status Flags
r-devel-linux-x86_64-debian-clang 1.2.1 4.31 37.47 41.78 NOTE
r-devel-linux-x86_64-debian-gcc 1.2.1 2.85 27.37 30.22 NOTE
r-devel-linux-x86_64-fedora-clang 1.2.1 62.03 OK
r-devel-linux-x86_64-fedora-gcc 1.2.1 62.08 OK
r-devel-windows-x86_64 1.2.1 4.00 65.00 69.00 OK
r-patched-linux-x86_64 1.2.1 4.05 35.43 39.48 OK
r-release-linux-x86_64 1.2.1 4.24 35.20 39.44 OK
r-release-macos-arm64 1.2.1 23.00 OK
r-release-macos-x86_64 1.2.1 36.00 OK
r-release-windows-x86_64 1.2.1 5.00 54.00 59.00 OK
r-oldrel-macos-arm64 1.2.1 21.00 OK
r-oldrel-macos-x86_64 1.2.1 31.00 OK
r-oldrel-windows-x86_64 1.2.1 6.00 60.00 66.00 OK

Check Details

Version: 1.2.1
Check: CRAN incoming feasibility
Result: NOTE Maintainer: ‘Carl Witthoft <cellocgw@gmail.com>’ No Authors@R field in DESCRIPTION. Please add one, modifying Authors@R: person(given = "Carl", family = "Witthoft", role = c("aut", "cre"), email = "cellocgw@gmail.com") as necessary. Flavors: r-devel-linux-x86_64-debian-clang, r-devel-linux-x86_64-debian-gcc