Last updated on 2025-05-10 16:52:13 CEST.
Flavor | Version | Tinstall | Tcheck | Ttotal | Status | Flags |
---|---|---|---|---|---|---|
r-devel-linux-x86_64-debian-clang | 1.2.1 | 4.08 | 37.33 | 41.41 | NOTE | |
r-devel-linux-x86_64-debian-gcc | 1.2.1 | 2.98 | 28.06 | 31.04 | NOTE | |
r-devel-linux-x86_64-fedora-clang | 1.2.1 | 64.77 | OK | |||
r-devel-linux-x86_64-fedora-gcc | 1.2.1 | 60.96 | OK | |||
r-devel-windows-x86_64 | 1.2.1 | 5.00 | 54.00 | 59.00 | OK | |
r-patched-linux-x86_64 | 1.2.1 | 4.65 | 35.29 | 39.94 | OK | |
r-release-linux-x86_64 | 1.2.1 | 3.42 | 35.10 | 38.52 | OK | |
r-release-macos-arm64 | 1.2.1 | 23.00 | OK | |||
r-release-macos-x86_64 | 1.2.1 | 36.00 | OK | |||
r-release-windows-x86_64 | 1.2.1 | 5.00 | 57.00 | 62.00 | OK | |
r-oldrel-macos-arm64 | 1.2.1 | 21.00 | OK | |||
r-oldrel-macos-x86_64 | 1.2.1 | 31.00 | OK | |||
r-oldrel-windows-x86_64 | 1.2.1 | 6.00 | 61.00 | 67.00 | OK |
Version: 1.2.1
Check: CRAN incoming feasibility
Result: NOTE
Maintainer: ‘Carl Witthoft <cellocgw@gmail.com>’
No Authors@R field in DESCRIPTION.
Please add one, modifying
Authors@R: person(given = "Carl",
family = "Witthoft",
role = c("aut", "cre"),
email = "cellocgw@gmail.com")
as necessary.
Flavors: r-devel-linux-x86_64-debian-clang, r-devel-linux-x86_64-debian-gcc