Last updated on 2025-05-10 20:49:37 CEST.
Flavor | Version | Tinstall | Tcheck | Ttotal | Status | Flags |
---|---|---|---|---|---|---|
r-devel-linux-x86_64-debian-clang | 1.0-1 | 9.81 | 115.38 | 125.19 | NOTE | |
r-devel-linux-x86_64-debian-gcc | 1.0-1 | 8.01 | 78.62 | 86.63 | NOTE | |
r-devel-linux-x86_64-fedora-clang | 1.0-1 | 213.24 | NOTE | |||
r-devel-linux-x86_64-fedora-gcc | 1.0-1 | 203.40 | NOTE | |||
r-devel-windows-x86_64 | 1.0-1 | 11.00 | 119.00 | 130.00 | NOTE | |
r-patched-linux-x86_64 | 1.0-1 | 10.59 | 108.11 | 118.70 | NOTE | |
r-release-linux-x86_64 | 1.0-1 | 9.76 | 109.28 | 119.04 | NOTE | |
r-release-macos-arm64 | 1.0-1 | 55.00 | NOTE | |||
r-release-macos-x86_64 | 1.0-1 | 124.00 | OK | |||
r-release-windows-x86_64 | 1.0-1 | 12.00 | 117.00 | 129.00 | NOTE | |
r-oldrel-macos-arm64 | 1.0-1 | 60.00 | OK | |||
r-oldrel-macos-x86_64 | 1.0-1 | 163.00 | OK | |||
r-oldrel-windows-x86_64 | 1.0-1 | 14.00 | 146.00 | 160.00 | OK |
Version: 1.0-1
Check: tests
Result: NOTE
Running ‘confintrob_test.R’ [15s/17s]
Comparing ‘confintrob_test.Rout’ to ‘confintrob_test.Rout.save’ ...64c64
< AIC BIC logLik -2*log(L) df.resid
---
> AIC BIC logLik deviance df.resid
203c203
< AIC BIC logLik -2*log(L) df.resid
---
> AIC BIC logLik deviance df.resid
Running ‘parallelTest.R’ [6s/13s]
Running ‘varComprob_createParamSampleFunction.R’ [14s/16s]
Comparing ‘varComprob_createParamSampleFunction.Rout’ to ‘varComprob_createParamSampleFunction.Rout.save’ ... OK
Flavor: r-devel-linux-x86_64-debian-clang
Version: 1.0-1
Check: tests
Result: NOTE
Running ‘confintrob_test.R’ [9s/11s]
Comparing ‘confintrob_test.Rout’ to ‘confintrob_test.Rout.save’ ...64c64
< AIC BIC logLik -2*log(L) df.resid
---
> AIC BIC logLik deviance df.resid
203c203
< AIC BIC logLik -2*log(L) df.resid
---
> AIC BIC logLik deviance df.resid
Running ‘parallelTest.R’ [4s/8s]
Running ‘varComprob_createParamSampleFunction.R’ [9s/10s]
Comparing ‘varComprob_createParamSampleFunction.Rout’ to ‘varComprob_createParamSampleFunction.Rout.save’ ... OK
Flavor: r-devel-linux-x86_64-debian-gcc
Version: 1.0-1
Check: tests
Result: NOTE
Running ‘confintrob_test.R’ [25s/68s]
Comparing ‘confintrob_test.Rout’ to ‘confintrob_test.Rout.save’ ...64c64
< AIC BIC logLik -2*log(L) df.resid
---
> AIC BIC logLik deviance df.resid
203c203
< AIC BIC logLik -2*log(L) df.resid
---
> AIC BIC logLik deviance df.resid
Running ‘parallelTest.R’ [10s/52s]
Running ‘varComprob_createParamSampleFunction.R’ [24s/76s]
Comparing ‘varComprob_createParamSampleFunction.Rout’ to ‘varComprob_createParamSampleFunction.Rout.save’ ... OK
Flavor: r-devel-linux-x86_64-fedora-clang
Version: 1.0-1
Check: tests
Result: NOTE
Running ‘confintrob_test.R’ [23s/61s]
Comparing ‘confintrob_test.Rout’ to ‘confintrob_test.Rout.save’ ...64c64
< AIC BIC logLik -2*log(L) df.resid
---
> AIC BIC logLik deviance df.resid
203c203
< AIC BIC logLik -2*log(L) df.resid
---
> AIC BIC logLik deviance df.resid
Running ‘parallelTest.R’ [10s/47s]
Running ‘varComprob_createParamSampleFunction.R’ [23s/58s]
Comparing ‘varComprob_createParamSampleFunction.Rout’ to ‘varComprob_createParamSampleFunction.Rout.save’ ... OK
Flavor: r-devel-linux-x86_64-fedora-gcc
Version: 1.0-1
Check: tests
Result: NOTE
Running 'confintrob_test.R' [12s]
Comparing 'confintrob_test.Rout' to 'confintrob_test.Rout.save' ...64c64
< AIC BIC logLik -2*log(L) df.resid
---
> AIC BIC logLik deviance df.resid
203c203
< AIC BIC logLik -2*log(L) df.resid
---
> AIC BIC logLik deviance df.resid
Running 'parallelTest.R' [10s]
Running 'varComprob_createParamSampleFunction.R' [11s]
Comparing 'varComprob_createParamSampleFunction.Rout' to 'varComprob_createParamSampleFunction.Rout.save' ... OK
Flavor: r-devel-windows-x86_64
Version: 1.0-1
Check: tests
Result: NOTE
Running ‘confintrob_test.R’ [14s/18s]
Comparing ‘confintrob_test.Rout’ to ‘confintrob_test.Rout.save’ ...64c64
< AIC BIC logLik -2*log(L) df.resid
---
> AIC BIC logLik deviance df.resid
203c203
< AIC BIC logLik -2*log(L) df.resid
---
> AIC BIC logLik deviance df.resid
Running ‘parallelTest.R’ [6s/11s]
Running ‘varComprob_createParamSampleFunction.R’ [13s/16s]
Comparing ‘varComprob_createParamSampleFunction.Rout’ to ‘varComprob_createParamSampleFunction.Rout.save’ ... OK
Flavor: r-patched-linux-x86_64
Version: 1.0-1
Check: tests
Result: NOTE
Running ‘confintrob_test.R’ [14s/17s]
Comparing ‘confintrob_test.Rout’ to ‘confintrob_test.Rout.save’ ...64c64
< AIC BIC logLik -2*log(L) df.resid
---
> AIC BIC logLik deviance df.resid
203c203
< AIC BIC logLik -2*log(L) df.resid
---
> AIC BIC logLik deviance df.resid
Running ‘parallelTest.R’ [6s/12s]
Running ‘varComprob_createParamSampleFunction.R’ [13s/16s]
Comparing ‘varComprob_createParamSampleFunction.Rout’ to ‘varComprob_createParamSampleFunction.Rout.save’ ... OK
Flavor: r-release-linux-x86_64
Version: 1.0-1
Check: tests
Result: NOTE
Running ‘confintrob_test.R’ [6s/6s]
Comparing ‘confintrob_test.Rout’ to ‘confintrob_test.Rout.save’ ...64c64
< AIC BIC logLik -2*log(L) df.resid
---
> AIC BIC logLik deviance df.resid
203c203
< AIC BIC logLik -2*log(L) df.resid
---
> AIC BIC logLik deviance df.resid
Running ‘parallelTest.R’ [2s/5s]
Running ‘varComprob_createParamSampleFunction.R’ [4s/5s]
Comparing ‘varComprob_createParamSampleFunction.Rout’ to ‘varComprob_createParamSampleFunction.Rout.save’ ... OK
Flavor: r-release-macos-arm64
Version: 1.0-1
Check: tests
Result: NOTE
Running 'confintrob_test.R' [12s]
Comparing 'confintrob_test.Rout' to 'confintrob_test.Rout.save' ...64c64
< AIC BIC logLik -2*log(L) df.resid
---
> AIC BIC logLik deviance df.resid
203c203
< AIC BIC logLik -2*log(L) df.resid
---
> AIC BIC logLik deviance df.resid
Running 'parallelTest.R' [9s]
Running 'varComprob_createParamSampleFunction.R' [10s]
Comparing 'varComprob_createParamSampleFunction.Rout' to 'varComprob_createParamSampleFunction.Rout.save' ... OK
Flavor: r-release-windows-x86_64