Last updated on 2025-05-10 16:52:13 CEST.
Flavor | Version | Tinstall | Tcheck | Ttotal | Status | Flags |
---|---|---|---|---|---|---|
r-devel-linux-x86_64-debian-clang | 1.0.0 | 13.69 | 31.85 | 45.54 | NOTE | |
r-devel-linux-x86_64-debian-gcc | 1.0.0 | 10.27 | 27.46 | 37.73 | NOTE | |
r-devel-linux-x86_64-fedora-clang | 1.0.0 | 77.79 | NOTE | |||
r-devel-linux-x86_64-fedora-gcc | 1.0.0 | 77.86 | NOTE | |||
r-devel-windows-x86_64 | 1.0.0 | 19.00 | 66.00 | 85.00 | NOTE | |
r-patched-linux-x86_64 | 1.0.0 | 12.90 | 30.34 | 43.24 | NOTE | |
r-release-linux-x86_64 | 1.0.0 | 12.85 | 30.56 | 43.41 | NOTE | |
r-release-macos-arm64 | 1.0.0 | 30.00 | NOTE | |||
r-release-macos-x86_64 | 1.0.0 | 43.00 | NOTE | |||
r-release-windows-x86_64 | 1.0.0 | 21.00 | 70.00 | 91.00 | NOTE | |
r-oldrel-macos-arm64 | 1.0.0 | 25.00 | NOTE | |||
r-oldrel-macos-x86_64 | 1.0.0 | 36.00 | NOTE | |||
r-oldrel-windows-x86_64 | 1.0.0 | 23.00 | 81.00 | 104.00 | NOTE |
Version: 1.0.0
Check: C++ specification
Result: NOTE
Specified C++11: please drop specification unless essential
Flavors: r-devel-linux-x86_64-debian-clang, r-devel-linux-x86_64-debian-gcc, r-devel-linux-x86_64-fedora-clang, r-devel-linux-x86_64-fedora-gcc, r-devel-windows-x86_64, r-patched-linux-x86_64, r-release-linux-x86_64, r-release-macos-arm64, r-release-macos-x86_64, r-release-windows-x86_64, r-oldrel-macos-arm64, r-oldrel-macos-x86_64, r-oldrel-windows-x86_64