Last updated on 2025-05-10 16:52:13 CEST.
Flavor | Version | Tinstall | Tcheck | Ttotal | Status | Flags |
---|---|---|---|---|---|---|
r-devel-linux-x86_64-debian-clang | 0.1.1 | 5.68 | 77.08 | 82.76 | NOTE | |
r-devel-linux-x86_64-debian-gcc | 0.1.1 | 4.22 | 55.43 | 59.65 | NOTE | |
r-devel-linux-x86_64-fedora-clang | 0.1.1 | 118.43 | OK | |||
r-devel-linux-x86_64-fedora-gcc | 0.1.1 | 139.27 | OK | |||
r-devel-windows-x86_64 | 0.1.1 | 9.00 | 92.00 | 101.00 | OK | |
r-patched-linux-x86_64 | 0.1.1 | 5.75 | 70.53 | 76.28 | OK | |
r-release-linux-x86_64 | 0.1.1 | 4.84 | 72.16 | 77.00 | OK | |
r-release-macos-arm64 | 0.1.1 | 60.00 | OK | |||
r-release-macos-x86_64 | 0.1.1 | 103.00 | OK | |||
r-release-windows-x86_64 | 0.1.1 | 9.00 | 92.00 | 101.00 | OK | |
r-oldrel-macos-arm64 | 0.1.1 | 45.00 | OK | |||
r-oldrel-macos-x86_64 | 0.1.1 | 70.00 | OK | |||
r-oldrel-windows-x86_64 | 0.1.1 | 10.00 | 109.00 | 119.00 | OK |
Version: 0.1.1
Check: CRAN incoming feasibility
Result: NOTE
Maintainer: ‘Alan Inglis <alan.n.inglis@gmail.com>’
No Authors@R field in DESCRIPTION.
Please add one, modifying
Authors@R: person(given = "Alan",
family = "Inglis",
role = c("aut", "cre"),
email = "alan.n.inglis@gmail.com")
as necessary.
Flavors: r-devel-linux-x86_64-debian-clang, r-devel-linux-x86_64-debian-gcc