Last updated on 2024-05-19 12:53:42 CEST.
Flavor | Version | Tinstall | Tcheck | Ttotal | Status | Flags |
---|---|---|---|---|---|---|
r-devel-linux-x86_64-debian-clang | 1.0.5 | 27.30 | 43.84 | 71.14 | OK | |
r-devel-linux-x86_64-debian-gcc | 1.0.5 | 20.17 | 31.92 | 52.09 | OK | |
r-devel-linux-x86_64-fedora-clang | 1.0.5 | 111.75 | NOTE | |||
r-devel-linux-x86_64-fedora-gcc | 1.0.5 | 154.16 | NOTE | |||
r-devel-windows-x86_64 | 1.0.5 | 23.00 | 67.00 | 90.00 | OK | |
r-patched-linux-x86_64 | 1.0.5 | 24.86 | 40.97 | 65.83 | OK | |
r-release-linux-x86_64 | 1.0.5 | 28.79 | 41.58 | 70.37 | OK | |
r-release-macos-arm64 | 1.0.5 | 28.00 | OK | |||
r-release-windows-x86_64 | 1.0.5 | 24.00 | 76.00 | 100.00 | OK | |
r-oldrel-macos-arm64 | 1.0.5 | 34.00 | OK | |||
r-oldrel-macos-x86_64 | 1.0.5 | 48.00 | OK | |||
r-oldrel-windows-x86_64 | 1.0.5 | 22.00 | 78.00 | 100.00 | OK |
Version: 1.0.5
Check: compiled code
Result: NOTE
File ‘collUtils/libs/collUtils.so’:
Found no calls to: ‘R_registerRoutines’, ‘R_useDynamicSymbols’
It is good practice to register native routines and to disable symbol
search.
See ‘Writing portable packages’ in the ‘Writing R Extensions’ manual.
Flavors: r-devel-linux-x86_64-fedora-clang, r-devel-linux-x86_64-fedora-gcc