CRAN Package Check Results for Package cointmonitoR

Last updated on 2025-07-21 12:49:56 CEST.

Flavor Version Tinstall Tcheck Ttotal Status Flags
r-devel-linux-x86_64-debian-clang 0.1.0 2.40 31.74 34.14 NOTE
r-devel-linux-x86_64-debian-gcc 0.1.0 1.82 25.73 27.55 NOTE
r-devel-linux-x86_64-fedora-clang 0.1.0 50.37 OK
r-devel-linux-x86_64-fedora-gcc 0.1.0 63.17 OK
r-devel-windows-x86_64 0.1.0 3.00 54.00 57.00 OK
r-patched-linux-x86_64 0.1.0 2.22 28.75 30.97 OK
r-release-linux-x86_64 0.1.0 2.34 29.01 31.35 OK
r-release-macos-arm64 0.1.0 36.00 OK
r-release-macos-x86_64 0.1.0 48.00 OK
r-release-windows-x86_64 0.1.0 3.00 50.00 53.00 OK
r-oldrel-macos-arm64 0.1.0 26.00 OK
r-oldrel-macos-x86_64 0.1.0 43.00 OK
r-oldrel-windows-x86_64 0.1.0 4.00 55.00 59.00 OK

Check Details

Version: 0.1.0
Check: CRAN incoming feasibility
Result: NOTE Maintainer: ‘Philipp Aschersleben <aschersleben@statistik.tu-dortmund.de>’ Found the following URLs which should use \doi (with the DOI name only): File ‘monitorCointegration.Rd’: http://dx.doi.org/10.2139/ssrn.2624657 File ‘monitorStationarity.Rd’: http://dx.doi.org/10.2139/ssrn.2624657 Flavors: r-devel-linux-x86_64-debian-clang, r-devel-linux-x86_64-debian-gcc