Last updated on 2025-05-10 16:52:12 CEST.
Flavor | Version | Tinstall | Tcheck | Ttotal | Status | Flags |
---|---|---|---|---|---|---|
r-devel-linux-x86_64-debian-clang | 0.9.3 | 8.46 | 84.19 | 92.65 | NOTE | |
r-devel-linux-x86_64-debian-gcc | 0.9.3 | 6.17 | 57.66 | 63.83 | NOTE | |
r-devel-linux-x86_64-fedora-clang | 0.9.3 | 145.16 | NOTE | |||
r-devel-linux-x86_64-fedora-gcc | 0.9.3 | 134.65 | NOTE | |||
r-devel-windows-x86_64 | 0.9.3 | 9.00 | 96.00 | 105.00 | NOTE | |
r-patched-linux-x86_64 | 0.9.3 | 8.54 | 77.14 | 85.68 | NOTE | |
r-release-linux-x86_64 | 0.9.3 | 7.78 | 76.73 | 84.51 | NOTE | |
r-release-macos-arm64 | 0.9.3 | 39.00 | NOTE | |||
r-release-macos-x86_64 | 0.9.3 | 77.00 | NOTE | |||
r-release-windows-x86_64 | 0.9.3 | 12.00 | 96.00 | 108.00 | NOTE | |
r-oldrel-macos-arm64 | 0.9.3 | 37.00 | NOTE | |||
r-oldrel-macos-x86_64 | 0.9.3 | 56.00 | NOTE | |||
r-oldrel-windows-x86_64 | 0.9.3 | 14.00 | 116.00 | 130.00 | NOTE |
Version: 0.9.3
Check: package subdirectories
Result: NOTE
Problems with news in ‘NEWS.md’:
No news entries found.
Flavors: r-devel-linux-x86_64-debian-clang, r-devel-linux-x86_64-debian-gcc, r-devel-linux-x86_64-fedora-clang, r-devel-linux-x86_64-fedora-gcc, r-devel-windows-x86_64, r-patched-linux-x86_64, r-release-linux-x86_64, r-release-macos-arm64, r-release-macos-x86_64, r-release-windows-x86_64, r-oldrel-macos-arm64, r-oldrel-macos-x86_64, r-oldrel-windows-x86_64