CRAN Package Check Results for Package cofeatureR

Last updated on 2025-07-22 04:50:00 CEST.

Flavor Version Tinstall Tcheck Ttotal Status Flags
r-devel-linux-x86_64-debian-clang 1.1.1 1.66 23.37 25.03 OK
r-devel-linux-x86_64-debian-gcc 1.1.1 1.40 19.29 20.69 OK
r-devel-linux-x86_64-fedora-clang 1.1.1 37.05 NOTE
r-devel-linux-x86_64-fedora-gcc 1.1.1 36.12 NOTE
r-devel-windows-x86_64 1.1.1 4.00 42.00 46.00 OK
r-patched-linux-x86_64 1.1.1 1.83 20.75 22.58 OK
r-release-linux-x86_64 1.1.1 1.53 21.13 22.66 OK
r-release-macos-arm64 1.1.1 21.00 OK
r-release-macos-x86_64 1.1.1 26.00 OK
r-release-windows-x86_64 1.1.1 3.00 43.00 46.00 OK
r-oldrel-macos-arm64 1.1.1 16.00 NOTE
r-oldrel-macos-x86_64 1.1.1 22.00 NOTE
r-oldrel-windows-x86_64 1.1.1 4.00 48.00 52.00 NOTE

Check Details

Version: 1.1.1
Check: dependencies in R code
Result: NOTE Namespace in Imports field not imported from: ‘tibble’ All declared Imports should be used. Flavors: r-devel-linux-x86_64-fedora-clang, r-devel-linux-x86_64-fedora-gcc

Version: 1.1.1
Check: LazyData
Result: NOTE 'LazyData' is specified without a 'data' directory Flavors: r-oldrel-macos-arm64, r-oldrel-macos-x86_64, r-oldrel-windows-x86_64