Last updated on 2025-07-16 09:51:14 CEST.
Flavor | Version | Tinstall | Tcheck | Ttotal | Status | Flags |
---|---|---|---|---|---|---|
r-devel-linux-x86_64-debian-clang | 0.2.2 | 6.02 | 52.77 | 58.79 | OK | |
r-devel-linux-x86_64-debian-gcc | 0.2.2 | 4.98 | 41.66 | 46.64 | OK | |
r-devel-linux-x86_64-fedora-clang | 0.2.2 | 93.92 | OK | |||
r-devel-linux-x86_64-fedora-gcc | 0.2.2 | 51.70 | OK | |||
r-devel-windows-x86_64 | 0.2.2 | 11.00 | 73.00 | 84.00 | OK | |
r-patched-linux-x86_64 | 0.2.1 | 6.97 | 51.47 | 58.44 | OK | |
r-release-linux-x86_64 | 0.2.2 | 6.55 | 50.93 | 57.48 | OK | |
r-release-macos-arm64 | 0.2.1 | 30.00 | OK | |||
r-release-macos-x86_64 | 0.2.2 | 90.00 | OK | |||
r-release-windows-x86_64 | 0.2.2 | 7.00 | 73.00 | 80.00 | OK | |
r-oldrel-macos-arm64 | 0.2.1 | 32.00 | NOTE | |||
r-oldrel-macos-x86_64 | 0.2.2 | 76.00 | NOTE | |||
r-oldrel-windows-x86_64 | 0.2.2 | 10.00 | 78.00 | 88.00 | NOTE |
Version: 0.2.1
Check: package dependencies
Result: NOTE
Package suggested but not available for checking: ‘disttree’
Flavor: r-oldrel-macos-arm64
Version: 0.2.2
Check: package dependencies
Result: NOTE
Package suggested but not available for checking: ‘disttree’
Flavors: r-oldrel-macos-x86_64, r-oldrel-windows-x86_64