Last updated on 2025-05-10 16:52:12 CEST.
Flavor | Version | Tinstall | Tcheck | Ttotal | Status | Flags |
---|---|---|---|---|---|---|
r-devel-linux-x86_64-debian-clang | 0.1-2 | 2.08 | 28.10 | 30.18 | OK | |
r-devel-linux-x86_64-debian-gcc | 0.1-2 | 1.85 | 22.40 | 24.25 | OK | |
r-devel-linux-x86_64-fedora-clang | 0.1-2 | 53.14 | OK | |||
r-devel-linux-x86_64-fedora-gcc | 0.1-2 | 62.99 | OK | |||
r-devel-windows-x86_64 | 0.1-2 | 3.00 | 50.00 | 53.00 | OK | |
r-patched-linux-x86_64 | 0.1-2 | 2.12 | 27.16 | 29.28 | OK | |
r-release-linux-x86_64 | 0.1-2 | 1.99 | 26.99 | 28.98 | OK | |
r-release-macos-arm64 | 0.1-2 | 37.00 | OK | |||
r-release-macos-x86_64 | 0.1-2 | 62.00 | OK | |||
r-release-windows-x86_64 | 0.1-2 | 3.00 | 49.00 | 52.00 | OK | |
r-oldrel-macos-arm64 | 0.1-2 | 24.00 | NOTE | |||
r-oldrel-macos-x86_64 | 0.1-2 | 36.00 | NOTE | |||
r-oldrel-windows-x86_64 | 0.1-2 | 4.00 | 56.00 | 60.00 | NOTE |
Version: 0.1-2
Check: package dependencies
Result: NOTE
Package suggested but not available for checking: ‘tobit1’
Flavors: r-oldrel-macos-arm64, r-oldrel-macos-x86_64, r-oldrel-windows-x86_64