Last updated on 2025-05-10 12:49:38 CEST.
Flavor | Version | Tinstall | Tcheck | Ttotal | Status | Flags |
---|---|---|---|---|---|---|
r-devel-linux-x86_64-debian-clang | 0.4.0 | 56.49 | 141.61 | 198.10 | OK | |
r-devel-linux-x86_64-debian-gcc | 0.4.0 | 39.69 | 98.48 | 138.17 | OK | |
r-devel-linux-x86_64-fedora-clang | 0.4.0 | 345.74 | OK | |||
r-devel-linux-x86_64-fedora-gcc | 0.4.0 | 390.39 | OK | |||
r-devel-windows-x86_64 | 0.4.0 | 68.00 | 234.00 | 302.00 | OK | |
r-patched-linux-x86_64 | 0.4.0 | 55.45 | 129.87 | 185.32 | OK | |
r-release-linux-x86_64 | 0.4.0 | 55.21 | 130.71 | 185.92 | OK | |
r-release-macos-arm64 | 0.4.0 | 115.00 | OK | |||
r-release-macos-x86_64 | 0.4.0 | 164.00 | OK | |||
r-release-windows-x86_64 | 0.4.0 | 69.00 | 219.00 | 288.00 | OK | |
r-oldrel-macos-arm64 | 0.4.0 | 102.00 | NOTE | |||
r-oldrel-macos-x86_64 | 0.4.0 | 130.00 | NOTE | |||
r-oldrel-windows-x86_64 | 0.4.0 | 80.00 | 262.00 | 342.00 | OK |
Version: 0.4.0
Check: installed package size
Result: NOTE
installed size is 10.1Mb
sub-directories of 1Mb or more:
libs 9.2Mb
Flavors: r-oldrel-macos-arm64, r-oldrel-macos-x86_64