Last updated on 2024-05-19 12:53:42 CEST.
Flavor | Version | Tinstall | Tcheck | Ttotal | Status | Flags |
---|---|---|---|---|---|---|
r-devel-linux-x86_64-debian-clang | 3.5.1 | 3.16 | 26.50 | 29.66 | OK | |
r-devel-linux-x86_64-debian-gcc | 3.5.1 | 2.30 | 20.92 | 23.22 | OK | |
r-devel-linux-x86_64-fedora-clang | 3.5.1 | 39.06 | NOTE | |||
r-devel-linux-x86_64-fedora-gcc | 3.5.1 | 37.44 | NOTE | |||
r-devel-windows-x86_64 | 3.5.1 | 4.00 | 47.00 | 51.00 | OK | |
r-patched-linux-x86_64 | 3.5.1 | 2.05 | 25.51 | 27.56 | OK | |
r-release-linux-x86_64 | 3.5.1 | 2.57 | 25.92 | 28.49 | OK | |
r-release-macos-arm64 | 3.5.1 | 19.00 | OK | |||
r-release-macos-x86_64 | 3.5.1 | 40.00 | OK | |||
r-release-windows-x86_64 | 3.5.1 | 5.00 | 49.00 | 54.00 | OK | |
r-oldrel-macos-arm64 | 3.5.1 | 21.00 | OK | |||
r-oldrel-macos-x86_64 | 3.5.1 | 33.00 | OK | |||
r-oldrel-windows-x86_64 | 3.5.1 | 5.00 | 48.00 | 53.00 | OK |
Version: 3.5.1
Check: dependencies in R code
Result: NOTE
Namespaces in Imports field not imported from:
‘FNN’ ‘R.utils’ ‘SearchTrees’ ‘colorspace’ ‘colourpicker’
‘data.table’ ‘maps’ ‘ncdf4’ ‘raster’ ‘shinyFiles’ ‘shinyWidgets’
‘shinyjs’ ‘shinythemes’ ‘tcltk’ ‘xml2’
All declared Imports should be used.
Flavors: r-devel-linux-x86_64-fedora-clang, r-devel-linux-x86_64-fedora-gcc