CRAN Package Check Results for Package clustMD

Last updated on 2025-07-15 16:48:22 CEST.

Flavor Version Tinstall Tcheck Ttotal Status Flags
r-devel-linux-x86_64-debian-clang 1.2.1 7.43 58.72 66.15 NOTE
r-devel-linux-x86_64-debian-gcc 1.2.1 4.78 40.92 45.70 NOTE
r-devel-linux-x86_64-fedora-clang 1.2.1 97.64 NOTE
r-devel-linux-x86_64-fedora-gcc 1.2.1 91.13 NOTE
r-devel-windows-x86_64 1.2.1 9.00 71.00 80.00 NOTE
r-patched-linux-x86_64 1.2.1 7.74 52.02 59.76 NOTE
r-release-linux-x86_64 1.2.1 6.31 51.83 58.14 NOTE
r-release-macos-arm64 1.2.1 29.00 NOTE
r-release-macos-x86_64 1.2.1 55.00 NOTE
r-release-windows-x86_64 1.2.1 8.00 76.00 84.00 NOTE
r-oldrel-macos-arm64 1.2.1 31.00 NOTE
r-oldrel-macos-x86_64 1.2.1 42.00 NOTE
r-oldrel-windows-x86_64 1.2.1 11.00 84.00 95.00 NOTE

Check Details

Version: 1.2.1
Check: Rd files
Result: NOTE checkRd: (-1) dtmvnom.Rd:30: Escaped LaTeX specials: \& Flavors: r-devel-linux-x86_64-debian-clang, r-devel-linux-x86_64-debian-gcc, r-devel-linux-x86_64-fedora-clang, r-devel-linux-x86_64-fedora-gcc, r-devel-windows-x86_64, r-patched-linux-x86_64, r-release-linux-x86_64, r-release-macos-arm64, r-release-macos-x86_64, r-release-windows-x86_64, r-oldrel-macos-arm64, r-oldrel-macos-x86_64, r-oldrel-windows-x86_64