Last updated on 2025-05-10 12:49:38 CEST.
Flavor | Version | Tinstall | Tcheck | Ttotal | Status | Flags |
---|---|---|---|---|---|---|
r-devel-linux-x86_64-debian-clang | 0.1.4 | 22.81 | 200.82 | 223.63 | NOTE | |
r-devel-linux-x86_64-debian-gcc | 0.1.4 | 13.97 | 123.18 | 137.15 | NOTE | |
r-devel-linux-x86_64-fedora-clang | 0.1.4 | 370.53 | OK | |||
r-devel-linux-x86_64-fedora-gcc | 0.1.4 | 356.34 | OK | |||
r-devel-windows-x86_64 | 0.1.4 | 18.00 | 156.00 | 174.00 | OK | |
r-patched-linux-x86_64 | 0.1.4 | 21.11 | 188.00 | 209.11 | OK | |
r-release-linux-x86_64 | 0.1.4 | 18.82 | 187.38 | 206.20 | OK | |
r-release-macos-arm64 | 0.1.4 | 82.00 | OK | |||
r-release-macos-x86_64 | 0.1.4 | 164.00 | OK | |||
r-release-windows-x86_64 | 0.1.4 | 19.00 | 153.00 | 172.00 | OK | |
r-oldrel-macos-arm64 | 0.1.4 | 74.00 | OK | |||
r-oldrel-macos-x86_64 | 0.1.4 | 120.00 | OK | |||
r-oldrel-windows-x86_64 | 0.1.4 | 16.00 | 217.00 | 233.00 | OK |
Version: 0.1.4
Check: CRAN incoming feasibility
Result: NOTE
Maintainer: ‘Hannah Owens <hannah.owens@gmail.com>’
Package CITATION file contains call(s) to old-style citEntry(). Please
use bibentry() instead.
Flavors: r-devel-linux-x86_64-debian-clang, r-devel-linux-x86_64-debian-gcc