Last updated on 2025-05-10 20:49:36 CEST.
Flavor | Version | Tinstall | Tcheck | Ttotal | Status | Flags |
---|---|---|---|---|---|---|
r-devel-linux-x86_64-debian-clang | 1.1.2 | 7.72 | 61.93 | 69.65 | OK | |
r-devel-linux-x86_64-debian-gcc | 1.1.2 | 5.60 | 45.58 | 51.18 | OK | |
r-devel-linux-x86_64-fedora-clang | 1.1.2 | 114.09 | OK | |||
r-devel-linux-x86_64-fedora-gcc | 1.1.2 | 103.10 | OK | |||
r-devel-windows-x86_64 | 1.1.2 | 9.00 | 77.00 | 86.00 | OK | |
r-patched-linux-x86_64 | 1.1.2 | 7.96 | 59.12 | 67.08 | OK | |
r-release-linux-x86_64 | 1.1.2 | 7.06 | 59.62 | 66.68 | OK | |
r-release-macos-arm64 | 1.1.2 | 36.00 | OK | |||
r-release-macos-x86_64 | 1.1.2 | 70.00 | OK | |||
r-release-windows-x86_64 | 1.1.2 | 10.00 | 77.00 | 87.00 | OK | |
r-oldrel-macos-arm64 | 1.1.2 | 37.00 | NOTE | |||
r-oldrel-macos-x86_64 | 1.1.2 | 48.00 | NOTE | |||
r-oldrel-windows-x86_64 | 1.1.2 | 11.00 | 93.00 | 104.00 | NOTE |
Version: 1.1.2
Check: LazyData
Result: NOTE
'LazyData' is specified without a 'data' directory
Flavors: r-oldrel-macos-arm64, r-oldrel-macos-x86_64, r-oldrel-windows-x86_64