CRAN Package Check Results for Package clap

Last updated on 2025-07-15 09:51:20 CEST.

Flavor Version Tinstall Tcheck Ttotal Status Flags
r-devel-linux-x86_64-debian-clang 0.1.0 3.89 33.24 37.13 NOTE
r-devel-linux-x86_64-debian-gcc 0.1.0 2.65 25.04 27.69 NOTE
r-devel-linux-x86_64-fedora-clang 0.1.0 58.30 NOTE
r-devel-linux-x86_64-fedora-gcc 0.1.0 54.91 NOTE
r-devel-windows-x86_64 0.1.0 6.00 51.00 57.00 NOTE
r-patched-linux-x86_64 0.1.0 3.66 31.98 35.64 NOTE
r-release-linux-x86_64 0.1.0 3.11 31.23 34.34 NOTE
r-release-macos-arm64 0.1.0 30.00 NOTE
r-release-macos-x86_64 0.1.0 34.00 NOTE
r-release-windows-x86_64 0.1.0 5.00 58.00 63.00 NOTE
r-oldrel-macos-arm64 0.1.0 22.00 OK
r-oldrel-macos-x86_64 0.1.0 45.00 OK
r-oldrel-windows-x86_64 0.1.0 7.00 62.00 69.00 OK

Check Details

Version: 0.1.0
Check: DESCRIPTION meta-information
Result: NOTE Missing dependency on R >= 4.1.0 because package code uses the pipe |> or function shorthand \(...) syntax added in R 4.1.0. File(s) using such syntax: ‘compute_cluster_composition.R’ ‘extract_ids_vector.R’ ‘perform_clustering.R’ Flavors: r-devel-linux-x86_64-debian-clang, r-devel-linux-x86_64-debian-gcc, r-devel-linux-x86_64-fedora-clang, r-devel-linux-x86_64-fedora-gcc, r-devel-windows-x86_64, r-patched-linux-x86_64, r-release-linux-x86_64, r-release-macos-arm64, r-release-macos-x86_64, r-release-windows-x86_64