Last updated on 2025-05-10 20:49:36 CEST.
Flavor | Version | Tinstall | Tcheck | Ttotal | Status | Flags |
---|---|---|---|---|---|---|
r-devel-linux-x86_64-debian-clang | 0.0.4 | 11.76 | 84.65 | 96.41 | NOTE | |
r-devel-linux-x86_64-debian-gcc | 0.0.4 | 8.21 | 58.23 | 66.44 | NOTE | |
r-devel-linux-x86_64-fedora-clang | 0.0.4 | 161.23 | NOTE | |||
r-devel-linux-x86_64-fedora-gcc | 0.0.4 | 151.57 | NOTE | |||
r-devel-windows-x86_64 | 0.0.4 | 13.00 | 101.00 | 114.00 | OK | |
r-patched-linux-x86_64 | 0.0.4 | 9.25 | 80.86 | 90.11 | OK | |
r-release-linux-x86_64 | 0.0.4 | 11.62 | 79.68 | 91.30 | OK | |
r-release-macos-arm64 | 0.0.4 | 42.00 | OK | |||
r-release-macos-x86_64 | 0.0.4 | 73.00 | OK | |||
r-release-windows-x86_64 | 0.0.4 | 13.00 | 87.00 | 100.00 | OK | |
r-oldrel-macos-arm64 | 0.0.4 | 41.00 | OK | |||
r-oldrel-macos-x86_64 | 0.0.4 | 63.00 | OK | |||
r-oldrel-windows-x86_64 | 0.0.4 | 16.00 | 110.00 | 126.00 | OK |
Version: 0.0.4
Check: CRAN incoming feasibility
Result: NOTE
Maintainer: ‘Neal Haddaway <nealhaddaway@gmail.com>’
Package CITATION file contains call(s) to old-style citEntry(). Please
use bibentry() instead.
Flavors: r-devel-linux-x86_64-debian-clang, r-devel-linux-x86_64-debian-gcc
Version: 0.0.4
Check: dependencies in R code
Result: NOTE
Namespace in Imports field not imported from: ‘networkD3’
All declared Imports should be used.
Flavors: r-devel-linux-x86_64-fedora-clang, r-devel-linux-x86_64-fedora-gcc