Last updated on 2024-05-19 12:53:41 CEST.
Flavor | Version | Tinstall | Tcheck | Ttotal | Status | Flags |
---|---|---|---|---|---|---|
r-devel-linux-x86_64-debian-clang | 2.3.1 | 14.41 | 36.50 | 50.91 | NOTE | |
r-devel-linux-x86_64-debian-gcc | 2.3.1 | 11.41 | 27.05 | 38.46 | NOTE | |
r-devel-linux-x86_64-fedora-clang | 2.3.1 | 76.19 | NOTE | |||
r-devel-linux-x86_64-fedora-gcc | 2.3.1 | 69.02 | NOTE | |||
r-devel-windows-x86_64 | 2.3.1 | 14.00 | 60.00 | 74.00 | NOTE | |
r-patched-linux-x86_64 | 2.3.1 | 13.80 | 34.60 | 48.40 | NOTE | |
r-release-linux-x86_64 | 2.3.1 | 14.12 | 34.82 | 48.94 | NOTE | |
r-release-macos-arm64 | 2.3.1 | 22.00 | NOTE | |||
r-release-windows-x86_64 | 2.3.1 | 15.00 | 60.00 | 75.00 | NOTE | |
r-oldrel-macos-arm64 | 2.3.1 | 23.00 | NOTE | |||
r-oldrel-macos-x86_64 | 2.3.1 | 39.00 | NOTE | |||
r-oldrel-windows-x86_64 | 2.3.1 | 15.00 | 78.00 | 93.00 | NOTE |
Version: 2.3.1
Check: C++ specification
Result: NOTE
Specified C++11: please drop specification unless essential
Flavors: r-devel-linux-x86_64-debian-clang, r-devel-linux-x86_64-debian-gcc, r-devel-linux-x86_64-fedora-clang, r-devel-linux-x86_64-fedora-gcc, r-devel-windows-x86_64, r-patched-linux-x86_64, r-release-linux-x86_64, r-release-macos-arm64, r-release-windows-x86_64, r-oldrel-macos-arm64, r-oldrel-macos-x86_64, r-oldrel-windows-x86_64