CRAN Package Check Results for Package cirls

Last updated on 2025-05-10 20:49:36 CEST.

Flavor Version Tinstall Tcheck Ttotal Status Flags
r-devel-linux-x86_64-debian-clang 0.3.1 2.37 30.46 32.83 NOTE
r-devel-linux-x86_64-debian-gcc 0.3.1 1.48 23.11 24.59 NOTE
r-devel-linux-x86_64-fedora-clang 0.3.1 51.25 NOTE
r-devel-linux-x86_64-fedora-gcc 0.3.1 47.93 NOTE
r-devel-windows-x86_64 0.3.1 4.00 54.00 58.00 NOTE
r-patched-linux-x86_64 0.3.1 2.22 27.97 30.19 NOTE
r-release-linux-x86_64 0.3.1 1.83 27.68 29.51 NOTE
r-release-macos-arm64 0.3.1 27.00 NOTE
r-release-macos-x86_64 0.3.1 38.00 NOTE
r-release-windows-x86_64 0.3.1 4.00 56.00 60.00 NOTE
r-oldrel-macos-arm64 0.3.1 20.00 OK
r-oldrel-macos-x86_64 0.3.1 33.00 OK
r-oldrel-windows-x86_64 0.3.1 4.00 59.00 63.00 OK

Check Details

Version: 0.3.1
Check: DESCRIPTION meta-information
Result: NOTE Missing dependency on R >= 4.1.0 because package code uses the pipe |> or function shorthand \(...) syntax added in R 4.1.0. File(s) using such syntax: ‘cirls.fit.Rd’ ‘confint.cirls.Rd’ Flavors: r-devel-linux-x86_64-debian-clang, r-devel-linux-x86_64-debian-gcc, r-devel-linux-x86_64-fedora-clang, r-devel-linux-x86_64-fedora-gcc, r-devel-windows-x86_64, r-patched-linux-x86_64, r-release-linux-x86_64, r-release-macos-arm64, r-release-macos-x86_64, r-release-windows-x86_64