Last updated on 2025-05-10 20:49:36 CEST.
Flavor | Version | Tinstall | Tcheck | Ttotal | Status | Flags |
---|---|---|---|---|---|---|
r-devel-linux-x86_64-debian-clang | 0.1.8 | 10.79 | 523.91 | 534.70 | OK | |
r-devel-linux-x86_64-debian-gcc | 0.1.8 | 7.80 | 495.80 | 503.60 | OK | |
r-devel-linux-x86_64-fedora-clang | 0.1.8 | 769.59 | NOTE | |||
r-devel-linux-x86_64-fedora-gcc | 0.1.8 | 747.88 | NOTE | |||
r-devel-windows-x86_64 | 0.1.8 | 12.00 | 505.00 | 517.00 | OK | |
r-patched-linux-x86_64 | 0.1.8 | 10.41 | 503.93 | 514.34 | OK | |
r-release-linux-x86_64 | 0.1.8 | 10.20 | 503.33 | 513.53 | OK | |
r-release-macos-arm64 | 0.1.8 | 348.00 | OK | |||
r-release-macos-x86_64 | 0.1.8 | 605.00 | OK | |||
r-release-windows-x86_64 | 0.1.8 | 14.00 | 556.00 | 570.00 | OK | |
r-oldrel-macos-arm64 | 0.1.8 | 289.00 | NOTE | |||
r-oldrel-macos-x86_64 | 0.1.8 | 358.00 | NOTE | |||
r-oldrel-windows-x86_64 | 0.1.8 | 15.00 | 632.00 | 647.00 | NOTE |
Version: 0.1.8
Check: dependencies in R code
Result: NOTE
Namespaces in Imports field not imported from:
'knitr' 'rmarkdown'
All declared Imports should be used.
Flavors: r-devel-linux-x86_64-fedora-clang, r-devel-linux-x86_64-fedora-gcc
Version: 0.1.8
Check: package dependencies
Result: NOTE
Package suggested but not available for checking: ‘countreg’
Flavors: r-oldrel-macos-arm64, r-oldrel-macos-x86_64, r-oldrel-windows-x86_64