Last updated on 2025-05-10 12:49:38 CEST.
Flavor | Version | Tinstall | Tcheck | Ttotal | Status | Flags |
---|---|---|---|---|---|---|
r-devel-linux-x86_64-debian-clang | 1.0.0 | 7.19 | 94.42 | 101.61 | NOTE | |
r-devel-linux-x86_64-debian-gcc | 1.0.0 | 4.71 | 63.22 | 67.93 | NOTE | |
r-devel-linux-x86_64-fedora-clang | 1.0.0 | 157.63 | NOTE | |||
r-devel-linux-x86_64-fedora-gcc | 1.0.0 | 165.91 | NOTE | |||
r-devel-windows-x86_64 | 1.0.0 | 9.00 | 105.00 | 114.00 | NOTE | |
r-patched-linux-x86_64 | 1.0.0 | 7.06 | 87.66 | 94.72 | NOTE | |
r-release-linux-x86_64 | 1.0.0 | 6.02 | 87.11 | 93.13 | NOTE | |
r-release-macos-arm64 | 1.0.0 | 68.00 | NOTE | |||
r-release-macos-x86_64 | 1.0.0 | 124.00 | NOTE | |||
r-release-windows-x86_64 | 1.0.0 | 8.00 | 104.00 | 112.00 | NOTE | |
r-oldrel-macos-arm64 | 1.0.0 | 53.00 | OK | |||
r-oldrel-macos-x86_64 | 1.0.0 | 89.00 | OK | |||
r-oldrel-windows-x86_64 | 1.0.0 | 12.00 | 132.00 | 144.00 | OK |
Version: 1.0.0
Check: DESCRIPTION meta-information
Result: NOTE
Missing dependency on R >= 4.1.0 because package code uses the pipe
|> or function shorthand \(...) syntax added in R 4.1.0.
File(s) using such syntax:
‘causal-model.R’ ‘check-linearity.R’ ‘deprecated.R’
‘translation-modules.R’ ‘utils.R’
Flavors: r-devel-linux-x86_64-debian-clang, r-devel-linux-x86_64-debian-gcc, r-devel-linux-x86_64-fedora-clang, r-devel-linux-x86_64-fedora-gcc, r-devel-windows-x86_64, r-patched-linux-x86_64, r-release-linux-x86_64, r-release-macos-arm64, r-release-macos-x86_64, r-release-windows-x86_64