Last updated on 2025-05-10 20:49:36 CEST.
Flavor | Version | Tinstall | Tcheck | Ttotal | Status | Flags |
---|---|---|---|---|---|---|
r-devel-linux-x86_64-debian-clang | 0.99.4 | 43.72 | 355.10 | 398.82 | NOTE | |
r-devel-linux-x86_64-debian-gcc | 0.99.4 | 29.69 | 223.43 | 253.12 | NOTE | |
r-devel-linux-x86_64-fedora-clang | 0.99.4 | 689.75 | OK | |||
r-devel-linux-x86_64-fedora-gcc | 0.99.4 | 648.99 | OK | |||
r-devel-windows-x86_64 | 0.99.4 | 42.00 | 279.00 | 321.00 | OK | |
r-patched-linux-x86_64 | 0.99.4 | 44.50 | 328.42 | 372.92 | OK | |
r-release-linux-x86_64 | 0.99.4 | 43.39 | 330.03 | 373.42 | OK | |
r-release-macos-arm64 | 0.99.4 | 169.00 | OK | |||
r-release-macos-x86_64 | 0.99.4 | 306.00 | OK | |||
r-release-windows-x86_64 | 0.99.4 | 43.00 | 279.00 | 322.00 | OK | |
r-oldrel-macos-arm64 | 0.99.4 | 130.00 | OK | |||
r-oldrel-macos-x86_64 | 0.99.4 | 205.00 | OK | |||
r-oldrel-windows-x86_64 | 0.99.4 | 59.00 | 377.00 | 436.00 | OK |
Version: 0.99.4
Check: CRAN incoming feasibility
Result: NOTE
Maintainer: ‘Adrien Taudiere <adrien.taudiere@tutanota.com>’
Package CITATION file contains call(s) to old-style citEntry(). Please
use bibentry() instead.
Flavors: r-devel-linux-x86_64-debian-clang, r-devel-linux-x86_64-debian-gcc