CRAN Package Check Results for Package cargo

Last updated on 2025-07-26 04:49:44 CEST.

Flavor Version Tinstall Tcheck Ttotal Status Flags
r-devel-linux-x86_64-debian-clang 0.4.9 2.45 21.35 23.80 NOTE
r-devel-linux-x86_64-debian-gcc 0.4.9 1.64 17.37 19.01 NOTE
r-devel-linux-x86_64-fedora-clang 0.4.9 36.71 NOTE
r-devel-linux-x86_64-fedora-gcc 0.4.9 34.71 NOTE
r-devel-windows-x86_64 0.4.9 4.00 55.00 59.00 NOTE
r-patched-linux-x86_64 0.4.9 2.40 19.97 22.37 NOTE
r-release-linux-x86_64 0.4.9 1.79 19.84 21.63 NOTE
r-release-macos-arm64 0.4.9 17.00 NOTE
r-release-macos-x86_64 0.4.9 26.00 NOTE
r-release-windows-x86_64 0.4.9 4.00 61.00 65.00 NOTE
r-oldrel-macos-arm64 0.4.9 21.00 NOTE
r-oldrel-macos-x86_64 0.4.9 23.00 NOTE
r-oldrel-windows-x86_64 0.4.9 3.00 47.00 50.00 NOTE

Check Details

Version: 0.4.9
Check: Rd files
Result: NOTE checkRd: (-1) build_for_cran.Rd:13: Lost braces 13 | The exit status code{R CMD build}, invisibly. | ^ Flavors: r-devel-linux-x86_64-debian-clang, r-devel-linux-x86_64-debian-gcc, r-devel-linux-x86_64-fedora-clang, r-devel-linux-x86_64-fedora-gcc, r-devel-windows-x86_64, r-patched-linux-x86_64, r-release-linux-x86_64, r-release-macos-arm64, r-release-macos-x86_64, r-release-windows-x86_64, r-oldrel-macos-arm64, r-oldrel-macos-x86_64, r-oldrel-windows-x86_64