Last updated on 2025-05-10 20:49:36 CEST.
Flavor | Version | Tinstall | Tcheck | Ttotal | Status | Flags |
---|---|---|---|---|---|---|
r-devel-linux-x86_64-debian-clang | 0.4.9 | 2.37 | 20.72 | 23.09 | NOTE | |
r-devel-linux-x86_64-debian-gcc | 0.4.9 | 1.83 | 16.28 | 18.11 | NOTE | |
r-devel-linux-x86_64-fedora-clang | 0.4.9 | 36.39 | NOTE | |||
r-devel-linux-x86_64-fedora-gcc | 0.4.9 | 34.57 | NOTE | |||
r-devel-windows-x86_64 | 0.4.9 | 4.00 | 42.00 | 46.00 | NOTE | |
r-patched-linux-x86_64 | 0.4.9 | 2.70 | 19.74 | 22.44 | NOTE | |
r-release-linux-x86_64 | 0.4.9 | 2.24 | 19.79 | 22.03 | NOTE | |
r-release-macos-arm64 | 0.4.9 | 17.00 | NOTE | |||
r-release-macos-x86_64 | 0.4.9 | 26.00 | NOTE | |||
r-release-windows-x86_64 | 0.4.9 | 3.00 | 53.00 | 56.00 | NOTE | |
r-oldrel-macos-arm64 | 0.4.9 | 21.00 | NOTE | |||
r-oldrel-macos-x86_64 | 0.4.9 | 23.00 | NOTE | |||
r-oldrel-windows-x86_64 | 0.4.9 | 7.00 | 49.00 | 56.00 | NOTE |
Version: 0.4.9
Check: Rd files
Result: NOTE
checkRd: (-1) build_for_cran.Rd:13: Lost braces
13 | The exit status code{R CMD build}, invisibly.
| ^
Flavors: r-devel-linux-x86_64-debian-clang, r-devel-linux-x86_64-debian-gcc, r-devel-linux-x86_64-fedora-clang, r-devel-linux-x86_64-fedora-gcc, r-devel-windows-x86_64, r-patched-linux-x86_64, r-release-linux-x86_64, r-release-macos-arm64, r-release-macos-x86_64, r-release-windows-x86_64, r-oldrel-macos-arm64, r-oldrel-macos-x86_64, r-oldrel-windows-x86_64