Last updated on 2025-07-15 20:50:09 CEST.
Flavor | Version | Tinstall | Tcheck | Ttotal | Status | Flags |
---|---|---|---|---|---|---|
r-devel-linux-x86_64-debian-clang | 1.0.1 | 78.92 | 66.57 | 145.49 | OK | |
r-devel-linux-x86_64-debian-gcc | 1.0.1 | 52.67 | 47.62 | 100.29 | OK | |
r-devel-linux-x86_64-fedora-clang | 1.0.1 | 259.49 | OK | |||
r-devel-linux-x86_64-fedora-gcc | 1.0.1 | 242.24 | OK | |||
r-devel-windows-x86_64 | 1.0.1 | 84.00 | 94.00 | 178.00 | OK | |
r-patched-linux-x86_64 | 1.0.1 | 71.48 | 59.52 | 131.00 | OK | |
r-release-linux-x86_64 | 1.0.1 | 73.54 | 61.36 | 134.90 | OK | |
r-release-macos-arm64 | 1.0.1 | 74.00 | OK | |||
r-release-macos-x86_64 | 1.0.1 | 102.00 | OK | |||
r-release-windows-x86_64 | 1.0.1 | 85.00 | 93.00 | 178.00 | OK | |
r-oldrel-macos-arm64 | 1.0.1 | 72.00 | NOTE | |||
r-oldrel-macos-x86_64 | 1.0.1 | 108.00 | NOTE | |||
r-oldrel-windows-x86_64 | 1.0.1 | 102.00 | 119.00 | 221.00 | OK |
Version: 1.0.1
Check: installed package size
Result: NOTE
installed size is 6.4Mb
sub-directories of 1Mb or more:
libs 5.6Mb
Flavors: r-oldrel-macos-arm64, r-oldrel-macos-x86_64