Last updated on 2025-05-10 16:52:12 CEST.
Flavor | Version | Tinstall | Tcheck | Ttotal | Status | Flags |
---|---|---|---|---|---|---|
r-devel-linux-x86_64-debian-clang | 0.13.0 | 5.09 | 57.75 | 62.84 | NOTE | |
r-devel-linux-x86_64-debian-gcc | 0.13.0 | 3.74 | 40.87 | 44.61 | NOTE | |
r-devel-linux-x86_64-fedora-clang | 0.13.0 | 103.39 | OK | |||
r-devel-linux-x86_64-fedora-gcc | 0.13.0 | 95.24 | OK | |||
r-devel-windows-x86_64 | 0.13.0 | 7.00 | 72.00 | 79.00 | OK | |
r-patched-linux-x86_64 | 0.13.0 | 5.97 | 53.62 | 59.59 | OK | |
r-release-linux-x86_64 | 0.13.0 | 4.39 | 54.04 | 58.43 | OK | |
r-release-macos-arm64 | 0.13.0 | 33.00 | OK | |||
r-release-macos-x86_64 | 0.13.0 | 62.00 | OK | |||
r-release-windows-x86_64 | 0.13.0 | 7.00 | 82.00 | 89.00 | OK | |
r-oldrel-macos-arm64 | 0.13.0 | 29.00 | OK | |||
r-oldrel-macos-x86_64 | 0.13.0 | 53.00 | OK | |||
r-oldrel-windows-x86_64 | 0.13.0 | 10.00 | 91.00 | 101.00 | OK |
Version: 0.13.0
Check: CRAN incoming feasibility
Result: NOTE
Maintainer: ‘Henrik Bengtsson <henrikb@braju.com>’
Package CITATION file contains call(s) to old-style citEntry(). Please
use bibentry() instead.
Flavors: r-devel-linux-x86_64-debian-clang, r-devel-linux-x86_64-debian-gcc