CRAN Package Check Results for Package caesar

Last updated on 2025-07-25 12:50:02 CEST.

Flavor Version Tinstall Tcheck Ttotal Status Flags
r-devel-linux-x86_64-debian-clang 1.1.0 1.51 24.65 26.16 OK
r-devel-linux-x86_64-debian-gcc 1.1.0 1.23 20.19 21.42 OK
r-devel-linux-x86_64-fedora-clang 1.1.0 39.60 OK
r-devel-linux-x86_64-fedora-gcc 1.1.0 51.97 OK
r-devel-windows-x86_64 1.1.0 4.00 57.00 61.00 OK
r-patched-linux-x86_64 1.1.0 1.41 22.30 23.71 OK
r-release-linux-x86_64 1.1.0 1.44 22.36 23.80 OK
r-release-macos-arm64 1.1.0 29.00 OK
r-release-macos-x86_64 1.1.0 50.00 OK
r-release-windows-x86_64 1.1.0 3.00 44.00 47.00 OK
r-oldrel-macos-arm64 1.1.0 24.00 NOTE
r-oldrel-macos-x86_64 1.1.0 51.00 NOTE
r-oldrel-windows-x86_64 1.1.0 3.00 53.00 56.00 NOTE

Check Details

Version: 1.1.0
Check: LazyData
Result: NOTE 'LazyData' is specified without a 'data' directory Flavors: r-oldrel-macos-arm64, r-oldrel-macos-x86_64, r-oldrel-windows-x86_64