Last updated on 2025-05-10 20:49:36 CEST.
Flavor | Version | Tinstall | Tcheck | Ttotal | Status | Flags |
---|---|---|---|---|---|---|
r-devel-linux-x86_64-debian-clang | 2.0.2 | 473.12 | 394.91 | 868.03 | OK | |
r-devel-linux-x86_64-debian-gcc | 2.0.2 | 339.50 | 225.88 | 565.38 | OK | |
r-devel-linux-x86_64-fedora-clang | 2.0.2 | 1608.74 | OK | |||
r-devel-linux-x86_64-fedora-gcc | 2.0.2 | 1647.22 | OK | |||
r-devel-windows-x86_64 | 2.0.2 | 529.00 | 433.00 | 962.00 | OK | |
r-patched-linux-x86_64 | 2.0.2 | 498.98 | 317.83 | 816.81 | OK | |
r-release-linux-x86_64 | 2.0.2 | 473.99 | 320.79 | 794.78 | OK | |
r-release-macos-arm64 | 2.0.2 | 376.00 | OK | |||
r-release-macos-x86_64 | 2.0.2 | 380.00 | OK | |||
r-release-windows-x86_64 | 2.0.2 | 527.00 | 415.00 | 942.00 | OK | |
r-oldrel-macos-arm64 | 2.0.2 | 320.00 | NOTE | |||
r-oldrel-macos-x86_64 | 2.0.2 | 386.00 | NOTE | |||
r-oldrel-windows-x86_64 | 2.0.2 | 630.00 | 537.00 | 1167.00 | NOTE |
Version: 2.0.2
Check: installed package size
Result: NOTE
installed size is 31.9Mb
sub-directories of 1Mb or more:
data 1.1Mb
doc 2.8Mb
libs 27.4Mb
Flavors: r-oldrel-macos-arm64, r-oldrel-macos-x86_64, r-oldrel-windows-x86_64