CRAN Package Check Results for Package bspec

Last updated on 2025-05-10 16:52:12 CEST.

Flavor Version Tinstall Tcheck Ttotal Status Flags
r-devel-linux-x86_64-debian-clang 1.6 3.33 26.00 29.33 NOTE
r-devel-linux-x86_64-debian-gcc 1.6 2.42 19.63 22.05 NOTE
r-devel-linux-x86_64-fedora-clang 1.6 45.93 OK
r-devel-linux-x86_64-fedora-gcc 1.6 42.53 OK
r-devel-windows-x86_64 1.6 4.00 45.00 49.00 OK
r-patched-linux-x86_64 1.6 3.56 24.66 28.22 OK
r-release-linux-x86_64 1.6 3.24 24.69 27.93 OK
r-release-macos-arm64 1.6 19.00 OK
r-release-macos-x86_64 1.6 30.00 OK
r-release-windows-x86_64 1.6 6.00 46.00 52.00 OK
r-oldrel-macos-arm64 1.6 21.00 OK
r-oldrel-macos-x86_64 1.6 24.00 OK
r-oldrel-windows-x86_64 1.6 4.00 46.00 50.00 OK

Check Details

Version: 1.6
Check: CRAN incoming feasibility
Result: NOTE Maintainer: ‘Christian Roever <christian.roever@med.uni-goettingen.de>’ Package CITATION file contains call(s) to old-style personList() or as.personList(). Please use c() on person objects instead. Package CITATION file contains call(s) to old-style citEntry(). Please use bibentry() instead. Flavors: r-devel-linux-x86_64-debian-clang, r-devel-linux-x86_64-debian-gcc