CRAN Package Check Results for Package box

Last updated on 2025-05-10 16:52:11 CEST.

Flavor Version Tinstall Tcheck Ttotal Status Flags
r-devel-linux-x86_64-debian-clang 1.2.0 4.60 53.85 58.45 NOTE
r-devel-linux-x86_64-debian-gcc 1.2.0 3.25 41.07 44.32 NOTE
r-devel-linux-x86_64-fedora-clang 1.2.0 94.29 NOTE
r-devel-linux-x86_64-fedora-gcc 1.2.0 105.55 NOTE
r-devel-windows-x86_64 1.2.0 8.00 81.00 89.00 NOTE
r-patched-linux-x86_64 1.2.0 5.60 50.81 56.41 NOTE
r-release-linux-x86_64 1.2.0 4.15 51.99 56.14 NOTE
r-release-macos-arm64 1.2.0 44.00 NOTE
r-release-macos-x86_64 1.2.0 82.00 NOTE
r-release-windows-x86_64 1.2.0 8.00 80.00 88.00 NOTE
r-oldrel-macos-arm64 1.2.0 50.00 OK
r-oldrel-macos-x86_64 1.2.0 101.00 OK
r-oldrel-windows-x86_64 1.2.0 9.00 92.00 101.00 OK

Check Details

Version: 1.2.0
Check: compiled code
Result: NOTE File ‘box/libs/box.so’: Found non-API calls to R: ‘ENVFLAGS’, ‘SET_ENVFLAGS’ Compiled code should not call non-API entry points in R. See ‘Writing portable packages’ in the ‘Writing R Extensions’ manual, and section ‘Moving into C API compliance’ for issues with the use of non-API entry points. Flavors: r-devel-linux-x86_64-debian-clang, r-devel-linux-x86_64-debian-gcc, r-devel-linux-x86_64-fedora-clang, r-devel-linux-x86_64-fedora-gcc, r-patched-linux-x86_64, r-release-linux-x86_64, r-release-macos-arm64, r-release-macos-x86_64

Version: 1.2.0
Check: compiled code
Result: NOTE File 'box/libs/x64/box.dll': Found non-API calls to R: 'ENVFLAGS', 'SET_ENVFLAGS' Compiled code should not call non-API entry points in R. See 'Writing portable packages' in the 'Writing R Extensions' manual, and section 'Moving into C API compliance' for issues with the use of non-API entry points. Flavors: r-devel-windows-x86_64, r-release-windows-x86_64