Last updated on 2025-05-10 20:49:36 CEST.
Flavor | Version | Tinstall | Tcheck | Ttotal | Status | Flags |
---|---|---|---|---|---|---|
r-devel-linux-x86_64-debian-clang | 1.0.6 | 1.77 | 18.59 | 20.36 | NOTE | |
r-devel-linux-x86_64-debian-gcc | 1.0.6 | 1.43 | 14.91 | 16.34 | NOTE | |
r-devel-linux-x86_64-fedora-clang | 1.0.6 | 32.31 | OK | |||
r-devel-linux-x86_64-fedora-gcc | 1.0.6 | 29.93 | OK | |||
r-devel-windows-x86_64 | 1.0.6 | 3.00 | 39.00 | 42.00 | OK | |
r-patched-linux-x86_64 | 1.0.6 | 1.72 | 17.97 | 19.69 | OK | |
r-release-linux-x86_64 | 1.0.6 | 1.54 | 17.63 | 19.17 | OK | |
r-release-macos-arm64 | 1.0.6 | 15.00 | OK | |||
r-release-macos-x86_64 | 1.0.6 | 31.00 | OK | |||
r-release-windows-x86_64 | 1.0.6 | 3.00 | 41.00 | 44.00 | OK | |
r-oldrel-macos-arm64 | 1.0.6 | 20.00 | OK | |||
r-oldrel-macos-x86_64 | 1.0.6 | 27.00 | OK | |||
r-oldrel-windows-x86_64 | 1.0.6 | 3.00 | 39.00 | 42.00 | OK |
Version: 1.0.6
Check: CRAN incoming feasibility
Result: NOTE
Maintainer: ‘Emanuele Cordano <emanuele.cordano@gmail.com>’
No Authors@R field in DESCRIPTION.
Please add one, modifying
Authors@R: person(given = "Emanuele",
family = "Cordano",
role = c("aut", "cre"),
email = "emanuele.cordano@gmail.com")
as necessary.
Flavors: r-devel-linux-x86_64-debian-clang, r-devel-linux-x86_64-debian-gcc