CRAN Package Check Results for Package boundingbox

Last updated on 2025-05-10 08:50:33 CEST.

Flavor Version Tinstall Tcheck Ttotal Status Flags
r-devel-linux-x86_64-debian-clang 1.0.1 1.97 26.47 28.44 OK
r-devel-linux-x86_64-debian-gcc 1.0.1 1.51 21.73 23.24 OK
r-devel-linux-x86_64-fedora-clang 1.0.1 45.91 OK
r-devel-linux-x86_64-fedora-gcc 1.0.1 56.21 OK
r-devel-windows-x86_64 1.0.1 4.00 47.00 51.00 OK
r-patched-linux-x86_64 1.0.1 2.16 24.75 26.91 OK
r-release-linux-x86_64 1.0.1 2.11 24.61 26.72 OK
r-release-macos-arm64 1.0.1 37.00 OK
r-release-macos-x86_64 1.0.1 48.00 OK
r-release-windows-x86_64 1.0.1 5.00 52.00 57.00 OK
r-oldrel-macos-arm64 1.0.1 26.00 NOTE
r-oldrel-macos-x86_64 1.0.1 58.00 NOTE
r-oldrel-windows-x86_64 1.0.1 4.00 52.00 56.00 NOTE

Check Details

Version: 1.0.1
Check: LazyData
Result: NOTE 'LazyData' is specified without a 'data' directory Flavors: r-oldrel-macos-arm64, r-oldrel-macos-x86_64, r-oldrel-windows-x86_64