Last updated on 2025-05-10 16:52:11 CEST.
Flavor | Version | Tinstall | Tcheck | Ttotal | Status | Flags |
---|---|---|---|---|---|---|
r-devel-linux-x86_64-debian-clang | 1.0.4 | 38.27 | 82.82 | 121.09 | OK | |
r-devel-linux-x86_64-debian-gcc | 1.0.4 | 27.64 | 57.41 | 85.05 | OK | |
r-devel-linux-x86_64-fedora-clang | 1.0.4 | 225.19 | OK | |||
r-devel-linux-x86_64-fedora-gcc | 1.0.4 | 243.36 | OK | |||
r-devel-windows-x86_64 | 1.0.4 | 48.00 | 141.00 | 189.00 | OK | |
r-patched-linux-x86_64 | 1.0.4 | 39.16 | 76.94 | 116.10 | OK | |
r-release-linux-x86_64 | 1.0.4 | 40.44 | 77.14 | 117.58 | OK | |
r-release-macos-arm64 | 1.0.4 | 73.00 | OK | |||
r-release-macos-x86_64 | 1.0.4 | 140.00 | OK | |||
r-release-windows-x86_64 | 1.0.4 | 47.00 | 140.00 | 187.00 | OK | |
r-oldrel-macos-arm64 | 1.0.4 | 45.00 | NOTE | |||
r-oldrel-macos-x86_64 | 1.0.4 | 73.00 | NOTE | |||
r-oldrel-windows-x86_64 | 1.0.4 | 53.00 | 179.00 | 232.00 | NOTE |
Version: 1.0.4
Check: installed package size
Result: NOTE
installed size is 5.1Mb
sub-directories of 1Mb or more:
libs 4.7Mb
Flavors: r-oldrel-macos-arm64, r-oldrel-macos-x86_64
Version: 1.0.4
Check: for GNU extensions in Makefiles
Result: NOTE
GNU make is a SystemRequirements.
Flavors: r-oldrel-macos-arm64, r-oldrel-macos-x86_64, r-oldrel-windows-x86_64