CRAN Package Check Results for Package bootGOF

Last updated on 2025-07-21 12:49:55 CEST.

Flavor Version Tinstall Tcheck Ttotal Status Flags
r-devel-linux-x86_64-debian-clang 0.1.0 11.11 38.16 49.27 OK
r-devel-linux-x86_64-debian-gcc 0.1.0 7.04 29.91 36.95 OK
r-devel-linux-x86_64-fedora-clang 0.1.0 77.75 NOTE
r-devel-linux-x86_64-fedora-gcc 0.1.0 90.47 NOTE
r-devel-windows-x86_64 0.1.0 10.00 59.00 69.00 OK
r-patched-linux-x86_64 0.1.0 11.08 34.96 46.04 OK
r-release-linux-x86_64 0.1.0 11.36 35.11 46.47 OK
r-release-macos-arm64 0.1.0 42.00 OK
r-release-macos-x86_64 0.1.0 62.00 OK
r-release-windows-x86_64 0.1.0 10.00 58.00 68.00 OK
r-oldrel-macos-arm64 0.1.0 33.00 OK
r-oldrel-macos-x86_64 0.1.0 47.00 OK
r-oldrel-windows-x86_64 0.1.0 13.00 67.00 80.00 OK

Check Details

Version: 0.1.0
Check: dependencies in R code
Result: NOTE Namespace in Imports field not imported from: ‘R6’ All declared Imports should be used. Flavors: r-devel-linux-x86_64-fedora-clang, r-devel-linux-x86_64-fedora-gcc