Last updated on 2025-07-22 04:49:59 CEST.
Flavor | Version | Tinstall | Tcheck | Ttotal | Status | Flags |
---|---|---|---|---|---|---|
r-devel-linux-x86_64-debian-clang | 1.3.13 | 2.50 | 48.03 | 50.53 | NOTE | |
r-devel-linux-x86_64-debian-gcc | 1.3.13 | 1.59 | 35.78 | 37.37 | NOTE | |
r-devel-linux-x86_64-fedora-clang | 1.3.13 | 77.35 | OK | |||
r-devel-linux-x86_64-fedora-gcc | 1.3.13 | 87.00 | OK | |||
r-devel-windows-x86_64 | 1.3.13 | 4.00 | 70.00 | 74.00 | OK | |
r-patched-linux-x86_64 | 1.3.13 | 3.16 | 45.43 | 48.59 | OK | |
r-release-linux-x86_64 | 1.3.13 | 2.89 | 44.23 | 47.12 | OK | |
r-release-macos-arm64 | 1.3.13 | 45.00 | OK | |||
r-release-macos-x86_64 | 1.3.13 | 67.00 | OK | |||
r-release-windows-x86_64 | 1.3.13 | 4.00 | 73.00 | 77.00 | OK | |
r-oldrel-macos-arm64 | 1.3.13 | 34.00 | OK | |||
r-oldrel-macos-x86_64 | 1.3.13 | 60.00 | OK | |||
r-oldrel-windows-x86_64 | 1.3.13 | 5.00 | 83.00 | 88.00 | OK |
Version: 1.3.13
Check: CRAN incoming feasibility
Result: NOTE
Maintainer: ‘Alejandro Ochoa <alejandro.ochoa@duke.edu>’
Package CITATION file contains call(s) to old-style personList() or
as.personList(). Please use c() on person objects instead.
Flavors: r-devel-linux-x86_64-debian-clang, r-devel-linux-x86_64-debian-gcc