Last updated on 2025-05-10 20:49:36 CEST.
Flavor | Version | Tinstall | Tcheck | Ttotal | Status | Flags |
---|---|---|---|---|---|---|
r-devel-linux-x86_64-debian-clang | 0.1.5 | 16.37 | 69.57 | 85.94 | NOTE | |
r-devel-linux-x86_64-debian-gcc | 0.1.5 | 12.14 | 50.86 | 63.00 | NOTE | |
r-devel-linux-x86_64-fedora-clang | 0.1.5 | 151.51 | OK | |||
r-devel-linux-x86_64-fedora-gcc | 0.1.5 | 132.31 | OK | |||
r-devel-windows-x86_64 | 0.1.5 | 22.00 | 96.00 | 118.00 | OK | |
r-patched-linux-x86_64 | 0.1.5 | 14.79 | 65.71 | 80.50 | OK | |
r-release-linux-x86_64 | 0.1.5 | 15.40 | 66.24 | 81.64 | OK | |
r-release-macos-arm64 | 0.1.5 | 43.00 | OK | |||
r-release-macos-x86_64 | 0.1.5 | 77.00 | OK | |||
r-release-windows-x86_64 | 0.1.5 | 22.00 | 99.00 | 121.00 | OK | |
r-oldrel-macos-arm64 | 0.1.5 | 43.00 | OK | |||
r-oldrel-macos-x86_64 | 0.1.5 | 59.00 | OK | |||
r-oldrel-windows-x86_64 | 0.1.5 | 27.00 | 119.00 | 146.00 | OK |
Version: 0.1.5
Check: CRAN incoming feasibility
Result: NOTE
Maintainer: ‘Marvin N. Wright <marv@wrig.de>’
No Authors@R field in DESCRIPTION.
Please add one, modifying
Authors@R: person(given = c("Marvin", "N."),
family = "Wright",
role = c("aut", "cre"),
email = "marv@wrig.de")
as necessary.
Flavors: r-devel-linux-x86_64-debian-clang, r-devel-linux-x86_64-debian-gcc