Last updated on 2025-05-10 20:49:36 CEST.
Flavor | Version | Tinstall | Tcheck | Ttotal | Status | Flags |
---|---|---|---|---|---|---|
r-devel-linux-x86_64-debian-clang | 1.0.1 | 17.14 | 177.26 | 194.40 | NOTE | |
r-devel-linux-x86_64-debian-gcc | 1.0.1 | 11.25 | 118.59 | 129.84 | NOTE | |
r-devel-linux-x86_64-fedora-clang | 1.0.1 | 309.22 | OK | |||
r-devel-linux-x86_64-fedora-gcc | 1.0.1 | 278.07 | OK | |||
r-devel-windows-x86_64 | 1.0.1 | 17.00 | 180.00 | 197.00 | NOTE | |
r-patched-linux-x86_64 | 1.0.1 | 16.13 | 163.24 | 179.37 | NOTE | |
r-release-linux-x86_64 | 1.0.1 | 13.67 | 163.33 | 177.00 | NOTE | |
r-release-macos-arm64 | 1.0.1 | 76.00 | OK | |||
r-release-macos-x86_64 | 1.0.1 | 217.00 | OK | |||
r-release-windows-x86_64 | 1.0.1 | 17.00 | 178.00 | 195.00 | NOTE | |
r-oldrel-macos-arm64 | 1.0.1 | 93.00 | NOTE | |||
r-oldrel-macos-x86_64 | 1.0.1 | 186.00 | NOTE | |||
r-oldrel-windows-x86_64 | 1.0.1 | 25.00 | 230.00 | 255.00 | NOTE |
Version: 1.0.1
Check: Rd cross-references
Result: NOTE
Found the following Rd file(s) with Rd \link{} targets missing package
anchors:
summary.bmmfit.Rd: summary.brmsfit
Please provide package anchors for all Rd \link{} targets not in the
package itself and the base packages.
Flavors: r-devel-linux-x86_64-debian-clang, r-devel-linux-x86_64-debian-gcc, r-devel-windows-x86_64, r-patched-linux-x86_64, r-release-linux-x86_64, r-release-windows-x86_64
Version: 1.0.1
Check: package dependencies
Result: NOTE
Package suggested but not available for checking: ‘cmdstanr’
Flavors: r-oldrel-macos-arm64, r-oldrel-macos-x86_64, r-oldrel-windows-x86_64