CRAN Package Check Results for Package blm

Last updated on 2025-07-21 08:49:58 CEST.

Flavor Version Tinstall Tcheck Ttotal Status Flags
r-devel-linux-x86_64-debian-clang 2022.0.0.1 4.65 32.91 37.56 NOTE
r-devel-linux-x86_64-debian-gcc 2022.0.0.1 3.68 26.01 29.69 NOTE
r-devel-linux-x86_64-fedora-clang 2022.0.0.1 59.35 OK
r-devel-linux-x86_64-fedora-gcc 2022.0.0.1 56.58 OK
r-devel-windows-x86_64 2022.0.0.1 6.00 55.00 61.00 OK
r-patched-linux-x86_64 2022.0.0.1 5.21 30.91 36.12 OK
r-release-linux-x86_64 2022.0.0.1 4.60 31.07 35.67 OK
r-release-macos-arm64 2022.0.0.1 23.00 OK
r-release-macos-x86_64 2022.0.0.1 36.00 OK
r-release-windows-x86_64 2022.0.0.1 5.00 60.00 65.00 OK
r-oldrel-macos-arm64 2022.0.0.1 25.00 OK
r-oldrel-macos-x86_64 2022.0.0.1 35.00 OK
r-oldrel-windows-x86_64 2022.0.0.1 6.00 55.00 61.00 OK

Check Details

Version: 2022.0.0.1
Check: CRAN incoming feasibility
Result: NOTE Maintainer: ‘S.Kovalchik <s.a.kovalchik@gmail.com>’ No Authors@R field in DESCRIPTION. Please add one, modifying Authors@R: c(person(given = "S.", family = "Kovalchik", role = "aut"), person(family = "S.Kovalchik", role = "cre", email = "s.a.kovalchik@gmail.com")) as necessary. Package CITATION file contains call(s) to old-style personList() or as.personList(). Please use c() on person objects instead. Package CITATION file contains call(s) to old-style citEntry(). Please use bibentry() instead. Flavors: r-devel-linux-x86_64-debian-clang, r-devel-linux-x86_64-debian-gcc