Last updated on 2025-10-16 20:49:24 CEST.
Flavor | Version | Tinstall | Tcheck | Ttotal | Status | Flags |
---|---|---|---|---|---|---|
r-devel-linux-x86_64-debian-clang | 1.0.0 | 15.66 | 146.37 | 162.03 | OK | |
r-devel-linux-x86_64-debian-gcc | 1.0.0 | 11.64 | 103.02 | 114.66 | OK | |
r-devel-linux-x86_64-fedora-clang | 1.0.0 | 265.71 | OK | |||
r-devel-linux-x86_64-fedora-gcc | 1.0.0 | 255.02 | OK | |||
r-devel-windows-x86_64 | 1.0.0 | 17.00 | 134.00 | 151.00 | OK | |
r-patched-linux-x86_64 | 1.0.0 | 12.69 | 140.50 | 153.19 | OK | |
r-release-linux-x86_64 | 1.0.0 | 14.35 | 137.05 | 151.40 | OK | |
r-release-macos-arm64 | 1.0.0 | 61.00 | OK | |||
r-release-macos-x86_64 | 1.0.0 | 148.00 | OK | |||
r-release-windows-x86_64 | 1.0.0 | 15.00 | 136.00 | 151.00 | OK | |
r-oldrel-macos-arm64 | 1.0.0 | 59.00 | NOTE | |||
r-oldrel-macos-x86_64 | 1.0.0 | 157.00 | NOTE | |||
r-oldrel-windows-x86_64 | 1.0.0 | 22.00 | 185.00 | 207.00 | NOTE |
Version: 1.0.0
Check: package dependencies
Result: NOTE
Packages suggested but not available for checking: 'INLA', 'survHEhmc'
Flavors: r-oldrel-macos-arm64, r-oldrel-macos-x86_64
Version: 1.0.0
Check: package dependencies
Result: NOTE
Package suggested but not available for checking: 'survHEhmc'
Flavor: r-oldrel-windows-x86_64