Last updated on 2025-07-27 01:48:17 CEST.
Flavor | Version | Tinstall | Tcheck | Ttotal | Status | Flags |
---|---|---|---|---|---|---|
r-devel-linux-x86_64-debian-clang | 0.5-8 | 699.25 | 219.81 | 919.06 | OK | |
r-devel-linux-x86_64-debian-gcc | 0.5-8 | 512.29 | 167.63 | 679.92 | OK | |
r-devel-linux-x86_64-fedora-clang | 0.5-8 | 1212.57 | OK | |||
r-devel-linux-x86_64-fedora-gcc | 0.5-8 | 1596.90 | OK | |||
r-devel-windows-x86_64 | 0.5-8 | 527.00 | 261.00 | 788.00 | OK | |
r-patched-linux-x86_64 | 0.5-8 | 680.27 | 233.37 | 913.64 | OK | |
r-release-linux-x86_64 | 0.5-8 | 670.11 | 230.36 | 900.47 | OK | |
r-release-macos-arm64 | 0.5-8 | 337.00 | OK | |||
r-release-macos-x86_64 | 0.5-8 | 908.00 | OK | |||
r-release-windows-x86_64 | 0.5-8 | 521.00 | 243.00 | 764.00 | OK | |
r-oldrel-macos-arm64 | 0.5-8 | 174.00 | NOTE | |||
r-oldrel-macos-x86_64 | 0.5-8 | 307.00 | NOTE | |||
r-oldrel-windows-x86_64 | 0.5-8 | 677.00 | 318.00 | 995.00 | NOTE |
Version: 0.5-8
Check: package dependencies
Result: NOTE
Packages suggested but not available for checking: 'cmdstanr', 'blavsam'
Flavors: r-oldrel-macos-arm64, r-oldrel-macos-x86_64, r-oldrel-windows-x86_64
Version: 0.5-8
Check: installed package size
Result: NOTE
installed size is 159.1Mb
sub-directories of 1Mb or more:
R 2.1Mb
libs 155.3Mb
testdata 1.4Mb
Flavors: r-oldrel-macos-arm64, r-oldrel-macos-x86_64, r-oldrel-windows-x86_64
Version: 0.5-8
Check: for GNU extensions in Makefiles
Result: NOTE
GNU make is a SystemRequirements.
Flavors: r-oldrel-macos-arm64, r-oldrel-macos-x86_64, r-oldrel-windows-x86_64