Last updated on 2025-05-10 16:52:11 CEST.
Flavor | Version | Tinstall | Tcheck | Ttotal | Status | Flags |
---|---|---|---|---|---|---|
r-devel-linux-x86_64-debian-clang | 1.0.1 | 2.38 | 22.62 | 25.00 | NOTE | |
r-devel-linux-x86_64-debian-gcc | 1.0.1 | 1.88 | 17.66 | 19.54 | NOTE | |
r-devel-linux-x86_64-fedora-clang | 1.0.1 | 39.13 | OK | |||
r-devel-linux-x86_64-fedora-gcc | 1.0.1 | 37.17 | OK | |||
r-devel-windows-x86_64 | 1.0.1 | 3.00 | 44.00 | 47.00 | OK | |
r-patched-linux-x86_64 | 1.0.1 | 2.53 | 21.68 | 24.21 | OK | |
r-release-linux-x86_64 | 1.0.1 | 2.36 | 21.82 | 24.18 | OK | |
r-release-macos-arm64 | 1.0.1 | 25.00 | OK | |||
r-release-macos-x86_64 | 1.0.1 | 30.00 | OK | |||
r-release-windows-x86_64 | 1.0.1 | 4.00 | 45.00 | 49.00 | OK | |
r-oldrel-macos-arm64 | 1.0.1 | 17.00 | OK | |||
r-oldrel-macos-x86_64 | 1.0.1 | 26.00 | OK | |||
r-oldrel-windows-x86_64 | 1.0.1 | 4.00 | 47.00 | 51.00 | OK |
Version: 1.0.1
Check: CRAN incoming feasibility
Result: NOTE
Maintainer: ‘Jo Hardin <jo.hardin@pomona.edu>’
No Authors@R field in DESCRIPTION.
Please add one, modifying
Authors@R: person(given = "Jo",
family = "Hardin",
role = c("aut", "cre"),
email = "jo.hardin@pomona.edu")
as necessary.
Flavors: r-devel-linux-x86_64-debian-clang, r-devel-linux-x86_64-debian-gcc