CRAN Package Check Results for Package birtr

Last updated on 2025-07-22 04:49:58 CEST.

Flavor Version Tinstall Tcheck Ttotal Status Flags
r-devel-linux-x86_64-debian-clang 1.0.0 2.22 22.11 24.33 OK
r-devel-linux-x86_64-debian-gcc 1.0.0 1.53 17.82 19.35 OK
r-devel-linux-x86_64-fedora-clang 1.0.0 37.33 OK
r-devel-linux-x86_64-fedora-gcc 1.0.0 35.69 OK
r-devel-windows-x86_64 1.0.0 2.00 42.00 44.00 OK
r-patched-linux-x86_64 1.0.0 2.10 20.75 22.85 OK
r-release-linux-x86_64 1.0.0 2.03 20.65 22.68 OK
r-release-macos-arm64 1.0.0 16.00 OK
r-release-macos-x86_64 1.0.0 37.00 OK
r-release-windows-x86_64 1.0.0 3.00 44.00 47.00 OK
r-oldrel-macos-arm64 1.0.0 19.00 NOTE
r-oldrel-macos-x86_64 1.0.0 23.00 NOTE
r-oldrel-windows-x86_64 1.0.0 3.00 48.00 51.00 NOTE

Check Details

Version: 1.0.0
Check: LazyData
Result: NOTE 'LazyData' is specified without a 'data' directory Flavors: r-oldrel-macos-arm64, r-oldrel-macos-x86_64, r-oldrel-windows-x86_64