CRAN Package Check Results for Package bioacoustics

Last updated on 2025-07-28 20:49:07 CEST.

Flavor Version Tinstall Tcheck Ttotal Status Flags
r-devel-linux-x86_64-debian-clang 0.2.8 63.23 56.91 120.14 NOTE
r-devel-linux-x86_64-debian-gcc 0.2.8 42.71 42.80 85.51 NOTE
r-devel-linux-x86_64-fedora-clang 0.2.8 216.57 NOTE
r-devel-linux-x86_64-fedora-gcc 0.2.8 211.87 NOTE
r-devel-windows-x86_64 0.2.8 74.00 106.00 180.00 NOTE
r-patched-linux-x86_64 0.2.8 60.00 53.66 113.66 NOTE
r-release-linux-x86_64 0.2.8 58.74 53.84 112.58 NOTE
r-release-macos-arm64 0.2.8 155.00 NOTE
r-release-macos-x86_64 0.2.8 133.00 NOTE
r-release-windows-x86_64 0.2.8 73.00 92.00 165.00 NOTE
r-oldrel-macos-arm64 0.2.8 75.00 NOTE
r-oldrel-macos-x86_64 0.2.8 87.00 NOTE
r-oldrel-windows-x86_64 0.2.8 96.00 117.00 213.00 NOTE

Check Details

Version: 0.2.8
Check: C++ specification
Result: NOTE Specified C++11: please drop specification unless essential Flavors: r-devel-linux-x86_64-debian-clang, r-devel-linux-x86_64-debian-gcc, r-devel-linux-x86_64-fedora-clang, r-devel-linux-x86_64-fedora-gcc, r-devel-windows-x86_64, r-patched-linux-x86_64, r-release-linux-x86_64, r-release-macos-arm64, r-release-macos-x86_64, r-release-windows-x86_64, r-oldrel-macos-arm64, r-oldrel-macos-x86_64, r-oldrel-windows-x86_64

Version: 0.2.8
Check: Rd cross-references
Result: NOTE Found the following Rd file(s) with Rd \link{} targets missing package anchors: read_audio.Rd: Wave Please provide package anchors for all Rd \link{} targets not in the package itself and the base packages. Flavors: r-devel-linux-x86_64-debian-clang, r-devel-linux-x86_64-debian-gcc, r-devel-windows-x86_64, r-patched-linux-x86_64, r-release-linux-x86_64, r-release-windows-x86_64

Version: 0.2.8
Check: installed package size
Result: NOTE installed size is 5.9Mb sub-directories of 1Mb or more: libs 4.4Mb Flavors: r-oldrel-macos-arm64, r-oldrel-macos-x86_64