Last updated on 2025-07-16 04:50:06 CEST.
Flavor | Version | Tinstall | Tcheck | Ttotal | Status | Flags |
---|---|---|---|---|---|---|
r-devel-linux-x86_64-debian-clang | 0.10.0 | 10.79 | 386.15 | 396.94 | OK | |
r-devel-linux-x86_64-debian-gcc | 0.10.0 | 7.77 | 266.95 | 274.72 | OK | |
r-devel-linux-x86_64-fedora-clang | 0.10.0 | 624.13 | OK | |||
r-devel-linux-x86_64-fedora-gcc | 0.10.0 | 620.35 | OK | |||
r-devel-windows-x86_64 | 0.10.0 | 17.00 | 412.00 | 429.00 | OK | |
r-patched-linux-x86_64 | 0.10.0 | 14.43 | 371.68 | 386.11 | OK | |
r-release-linux-x86_64 | 0.10.0 | 11.56 | 367.81 | 379.37 | OK | |
r-release-macos-arm64 | 0.10.0 | 196.00 | OK | |||
r-release-macos-x86_64 | 0.10.0 | 466.00 | OK | |||
r-release-windows-x86_64 | 0.10.0 | 16.00 | 436.00 | 452.00 | OK | |
r-oldrel-macos-arm64 | 0.10.0 | 219.00 | NOTE | |||
r-oldrel-macos-x86_64 | 0.10.0 | 433.00 | NOTE | |||
r-oldrel-windows-x86_64 | 0.10.0 | 22.00 | 531.00 | 553.00 | NOTE |
Version: 0.10.0
Check: installed package size
Result: NOTE
installed size is 5.6Mb
sub-directories of 1Mb or more:
data 1.6Mb
extdata 2.0Mb
Flavors: r-oldrel-macos-arm64, r-oldrel-macos-x86_64, r-oldrel-windows-x86_64