Last updated on 2025-05-10 16:52:11 CEST.
Flavor | Version | Tinstall | Tcheck | Ttotal | Status | Flags |
---|---|---|---|---|---|---|
r-devel-linux-x86_64-debian-clang | 1.0.4 | 6.14 | 63.93 | 70.07 | NOTE | |
r-devel-linux-x86_64-debian-gcc | 1.0.4 | 6.12 | 48.14 | 54.26 | NOTE | |
r-devel-linux-x86_64-fedora-clang | 1.0.4 | 112.79 | OK | |||
r-devel-linux-x86_64-fedora-gcc | 1.0.4 | 107.46 | OK | |||
r-devel-windows-x86_64 | 1.0.4 | 9.00 | 79.00 | 88.00 | OK | |
r-patched-linux-x86_64 | 1.0.4 | 6.73 | 61.78 | 68.51 | OK | |
r-release-linux-x86_64 | 1.0.4 | 7.83 | 60.84 | 68.67 | OK | |
r-release-macos-arm64 | 1.0.4 | 44.00 | OK | |||
r-release-macos-x86_64 | 1.0.4 | 69.00 | OK | |||
r-release-windows-x86_64 | 1.0.4 | 9.00 | 82.00 | 91.00 | OK | |
r-oldrel-macos-arm64 | 1.0.4 | 35.00 | OK | |||
r-oldrel-macos-x86_64 | 1.0.4 | 64.00 | OK | |||
r-oldrel-windows-x86_64 | 1.0.4 | 12.00 | 96.00 | 108.00 | OK |
Version: 1.0.4
Check: CRAN incoming feasibility
Result: NOTE
Maintainer: ‘Samuel V. Scarpino <s.scarpino@northeastern.edu>’
No Authors@R field in DESCRIPTION.
Please add one, modifying
Authors@R: c(person(given = c("Samuel", "V."),
family = "Scarpino",
role = c("aut", "cre"),
email = "s.scarpino@northeastern.edu"),
person(given = "Paul",
family = "von Hippel",
role = "aut"),
person(given = "Igor",
family = "Holas",
role = "aut"))
as necessary.
Package CITATION file contains call(s) to old-style personList() or
as.personList(). Please use c() on person objects instead.
Package CITATION file contains call(s) to old-style citEntry(). Please
use bibentry() instead.
Found the following (possibly) invalid file URI:
URI: doi.org/10.1177/0081175015599807
From: inst/CITATION
Flavors: r-devel-linux-x86_64-debian-clang, r-devel-linux-x86_64-debian-gcc