CRAN Package Check Results for Package bigrquery

Last updated on 2025-07-21 12:49:54 CEST.

Flavor Version Tinstall Tcheck Ttotal Status Flags
r-devel-linux-x86_64-debian-clang 1.5.1 17.37 76.68 94.05 NOTE
r-devel-linux-x86_64-debian-gcc 1.5.1 12.55 55.28 67.83 NOTE
r-devel-linux-x86_64-fedora-clang 1.5.1 145.20 OK
r-devel-linux-x86_64-fedora-gcc 1.5.1 139.90 OK
r-devel-windows-x86_64 1.5.1 22.00 100.00 122.00 NOTE
r-patched-linux-x86_64 1.5.1 18.30 70.78 89.08 NOTE
r-release-linux-x86_64 1.5.1 17.55 69.39 86.94 NOTE
r-release-macos-arm64 1.5.1 47.00 OK
r-release-macos-x86_64 1.5.1 78.00 OK
r-release-windows-x86_64 1.5.1 24.00 96.00 120.00 NOTE
r-oldrel-macos-arm64 1.5.1 39.00 OK
r-oldrel-macos-x86_64 1.5.1 62.00 OK
r-oldrel-windows-x86_64 1.5.1 27.00 124.00 151.00 OK

Check Details

Version: 1.5.1
Check: Rd cross-references
Result: NOTE Found the following Rd file(s) with Rd \link{} targets missing package anchors: DBI.Rd: DBIObject-class, DBIDriver-class, DBIConnection-class, DBIResult-class bigquery.Rd: DBIDriver-class, DBIConnection-class Please provide package anchors for all Rd \link{} targets not in the package itself and the base packages. Flavors: r-devel-linux-x86_64-debian-clang, r-devel-linux-x86_64-debian-gcc, r-devel-windows-x86_64, r-patched-linux-x86_64, r-release-linux-x86_64, r-release-windows-x86_64